{"version":"1.0","provider_name":"Qualitel | Particuliers","provider_url":"https:\/\/www.qualitel.org\/particuliers","title":"Existe-t-il vraiment un \u00ab mode hiver \u00bb sur les fen\u00eatres pour garder la chaleur et r\u00e9duire les factures ? - Qualitel | Particuliers","type":"rich","width":600,"height":338,"html":"<blockquote class=\"wp-embedded-content\" data-secret=\"zzWkoiypvB\"><a href=\"https:\/\/www.qualitel.org\/particuliers\/conseils\/existe-t-il-mode-hiver-sur-fenetres\/\">Existe-t-il vraiment un \u00ab&nbsp;mode hiver&nbsp;\u00bb sur les fen\u00eatres pour garder la chaleur et r\u00e9duire les factures&nbsp;?<\/a><\/blockquote><iframe sandbox=\"allow-scripts\" security=\"restricted\" src=\"https:\/\/www.qualitel.org\/particuliers\/conseils\/existe-t-il-mode-hiver-sur-fenetres\/embed\/#?secret=zzWkoiypvB\" width=\"600\" height=\"338\" title=\"\u00ab\u00a0Existe-t-il vraiment un \u00ab&nbsp;mode hiver&nbsp;\u00bb sur les fen\u00eatres pour garder la chaleur et r\u00e9duire les factures&nbsp;?\u00a0\u00bb &#8212; Qualitel | Particuliers\" data-secret=\"zzWkoiypvB\" frameborder=\"0\" marginwidth=\"0\" marginheight=\"0\" scrolling=\"no\" class=\"wp-embedded-content\"><\/iframe><script type=\"text\/javascript\">\n\/* <![CDATA[ *\/\n\/*! This file is auto-generated *\/\n!function(d,l){\"use strict\";l.querySelector&&d.addEventListener&&\"undefined\"!=typeof URL&&(d.wp=d.wp||{},d.wp.receiveEmbedMessage||(d.wp.receiveEmbedMessage=function(e){var t=e.data;if((t||t.secret||t.message||t.value)&&!\/[^a-zA-Z0-9]\/.test(t.secret)){for(var s,r,n,a=l.querySelectorAll('iframe[data-secret=\"'+t.secret+'\"]'),o=l.querySelectorAll('blockquote[data-secret=\"'+t.secret+'\"]'),c=new RegExp(\"^https?:$\",\"i\"),i=0;i<o.length;i++)o[i].style.display=\"none\";for(i=0;i<a.length;i++)s=a[i],e.source===s.contentWindow&&(s.removeAttribute(\"style\"),\"height\"===t.message?(1e3<(r=parseInt(t.value,10))?r=1e3:~~r<200&&(r=200),s.height=r):\"link\"===t.message&&(r=new URL(s.getAttribute(\"src\")),n=new URL(t.value),c.test(n.protocol))&&n.host===r.host&&l.activeElement===s&&(d.top.location.href=t.value))}},d.addEventListener(\"message\",d.wp.receiveEmbedMessage,!1),l.addEventListener(\"DOMContentLoaded\",function(){for(var e,t,s=l.querySelectorAll(\"iframe.wp-embedded-content\"),r=0;r<s.length;r++)(t=(e=s[r]).getAttribute(\"data-secret\"))||(t=Math.random().toString(36).substring(2,12),e.src+=\"#?secret=\"+t,e.setAttribute(\"data-secret\",t)),e.contentWindow.postMessage({message:\"ready\",secret:t},\"*\")},!1)))}(window,document);\n\/* ]]> *\/\n<\/script>\n","thumbnail_url":"https:\/\/www.qualitel.org\/particuliers\/wp\/..\/uploads\/AdobeStock_118391159.jpg","thumbnail_width":1300,"thumbnail_height":867,"description":"De nombreux tutoriels et messages circulent sur internet autour du pr\u00e9tendu \u00ab mode hiver \u00bb des fen\u00eatres. Il s\u2019agirait d\u2019un r\u00e9glage accessible sur certaines menuiseries, cens\u00e9 modifier la pression du joint, renforcer l\u2019\u00e9tanch\u00e9it\u00e9 \u00e0 l\u2019air et r\u00e9duire les d\u00e9perditions thermiques.\u00a0\u00c0 cette date, aucune source officielle fran\u00e7aise ne confirme l\u2019existence d\u2019un \u201cmode hiver\u201d reconnu, norm\u00e9 ou recommand\u00e9 pour les fen\u00eatres.\u00a0Dans les documents techniques et r\u00e9glementaires (isolation, menuiseries, ventilation), ce terme n\u2019appara\u00eet jamais."}

Existe-t-il vraiment un « mode hiver » sur les fenêtres pour garder la chaleur et réduire les factures ? - Qualitel | Particuliers

<blockquote class="wp-embedded-content" data-secret="zzWkoiypvB"><a href="https://www.qualitel.org/particuliers/conseils/existe-t-il-mode-hiver-sur-fenetres/">Existe-t-il vraiment un «&nbsp;mode hiver&nbsp;» sur les fenêtres pour garder la chaleur et réduire les factures&nbsp;?</a></blockquote><iframe sandbox="allow-scripts" security="restricted" src="https://www.qualitel.org/particuliers/conseils/existe-t-il-mode-hiver-sur-fenetres/embed/#?secret=zzWkoiypvB" width="600" height="338" title="« Existe-t-il vraiment un «&nbsp;mode hiver&nbsp;» sur les fenêtres pour garder la chaleur et réduire les factures&nbsp;? » &#8212; Qualitel | Particuliers" data-secret="zzWkoiypvB" frameborder="0" marginwidth="0" marginheight="0" scrolling="no" class="wp-embedded-content"></iframe><script type="text/javascript">
/* <![CDATA[ */
/*! This file is auto-generated */
!function(d,l){"use strict";l.querySelector&&d.addEventListener&&"undefined"!=typeof URL&&(d.wp=d.wp||{},d.wp.receiveEmbedMessage||(d.wp.receiveEmbedMessage=function(e){var t=e.data;if((t||t.secret||t.message||t.value)&&!/[^a-zA-Z0-9]/.test(t.secret)){for(var s,r,n,a=l.querySelectorAll('iframe[data-secret="'+t.secret+'"]'),o=l.querySelectorAll('blockquote[data-secret="'+t.secret+'"]'),c=new RegExp("^https?:$","i"),i=0;i<o.length;i++)o[i].style.display="none";for(i=0;i<a.length;i++)s=a[i],e.source===s.contentWindow&&(s.removeAttribute("style"),"height"===t.message?(1e3<(r=parseInt(t.value,10))?r=1e3:~~r<200&&(r=200),s.height=r):"link"===t.message&&(r=new URL(s.getAttribute("src")),n=new URL(t.value),c.test(n.protocol))&&n.host===r.host&&l.activeElement===s&&(d.top.location.href=t.value))}},d.addEventListener("message",d.wp.receiveEmbedMessage,!1),l.addEventListener("DOMContentLoaded",function(){for(var e,t,s=l.querySelectorAll("iframe.wp-embedded-content"),r=0;r<s.length;r++)(t=(e=s[r]).getAttribute("data-secret"))||(t=Math.random().toString(36).substring(2,12),e.src+="#?secret="+t,e.setAttribute("data-secret",t)),e.contentWindow.postMessage({message:"ready",secret:t},"*")},!1)))}(window,document);
/* ]]> */
</script>

De nombreux tutoriels et messages circulent sur internet autour du prétendu « mode hiver » des fenêtres. Il s’agirait d’un réglage accessible sur certaines menuiseries, censé modifier la pression du joint, renforcer l’étanchéité à l’air et réduire les déperditions thermiques. À cette date, aucune source officielle française ne confirme l’existence d’un “mode hiver” reconnu, normé ou recommandé pour les fenêtres. Dans les documents techniques et réglementaires (isolation, menuiseries, ventilation), ce terme n’apparaît jamais.
