{"id":22590,"date":"2020-04-01T10:00:51","date_gmt":"2020-04-01T08:00:51","guid":{"rendered":"https:\/\/www.qualitel.org\/particuliers\/?post_type=guide&#038;p=22590"},"modified":"2025-10-07T16:12:53","modified_gmt":"2025-10-07T14:12:53","slug":"electricite-que-devez-vous-verifier-lors-dune-visite-de-logement","status":"publish","type":"guide","link":"https:\/\/www.qualitel.org\/particuliers\/visiter\/electricite-que-devez-vous-verifier-lors-dune-visite-de-logement\/","title":{"rendered":"\u00c9lectricit\u00e9&nbsp;: que devez-vous v\u00e9rifier lors d\u2019une visite de logement&nbsp;?"},"content":{"rendered":"","protected":false},"featured_media":0,"parent":0,"menu_order":0,"template":"","categories":[203,220],"tags":[446,431,432],"thematique":[477,473],"type_bien":[474,475],"class_list":["post-22590","guide","type-guide","status-publish","hentry","category-confort","category-securite","tags-achat","tags-diagnostic","tags-luminosite","thematique-lumiere","thematique-securite","type_bien-appartement","type_bien-maison"],"acf":[],"yoast_head":"<!-- This site is optimized with the Yoast SEO plugin v26.2 - https:\/\/yoast.com\/wordpress\/plugins\/seo\/ -->\n<title>Qualitel | Particuliers<\/title>\n<meta name=\"robots\" content=\"index, follow, max-snippet:-1, max-image-preview:large, max-video-preview:-1\" \/>\n<meta property=\"og:locale\" content=\"fr_FR\" \/>\n<meta property=\"og:type\" content=\"article\" \/>\n<meta property=\"og:description\" content=\"La s\u00e9curit\u00e9 et le confort de votre logement d\u00e9pendent de son installation \u00e9lectrique. Avant d\u2019acheter ou de louer, v\u00e9rifiez sa conformit\u00e9. Nos experts vous accompagnent pour rep\u00e9rer les points \u00e0 contr\u00f4ler lors de votre visite.\" \/>\n<meta property=\"og:site_name\" content=\"Qualitel | Particuliers\" \/>\n<meta property=\"og:image\" content=\"https:\/\/www.qualitel.org\/particuliers\/wp\/..\/uploads\/qualitel_social_part.jpg\" \/>\n\t<meta property=\"og:image:width\" content=\"1080\" \/>\n\t<meta property=\"og:image:height\" content=\"1080\" \/>\n\t<meta property=\"og:image:type\" content=\"image\/jpeg\" \/>\n<meta name=\"twitter:card\" content=\"summary_large_image\" \/>\n<meta name=\"twitter:description\" content=\"La s\u00e9curit\u00e9 et le confort de votre logement d\u00e9pendent de son installation \u00e9lectrique. Avant d\u2019acheter ou de louer, v\u00e9rifiez sa conformit\u00e9. Nos experts vous accompagnent pour rep\u00e9rer les points \u00e0 contr\u00f4ler lors de votre visite.\n\" \/>\n<meta name=\"twitter:site\" content=\"@groupeQUALITEL\" \/>\n<script type=\"application\/ld+json\" class=\"yoast-schema-graph\">{\"@context\":\"https:\/\/schema.org\",\"@graph\":[{\"@type\":\"CollectionPage\",\"@id\":null,\"url\":\"\",\"name\":\"\",\"isPartOf\":{\"@id\":\"https:\/\/www.qualitel.org\/particuliers\/#website\"},\"inLanguage\":\"fr-FR\"},{\"@type\":\"WebSite\",\"@id\":\"https:\/\/www.qualitel.org\/particuliers\/#website\",\"url\":\"https:\/\/www.qualitel.org\/particuliers\/\",\"name\":\"Qualitel | Particuliers\",\"description\":\"\",\"publisher\":{\"@id\":\"https:\/\/www.qualitel.org\/particuliers\/#organization\"},\"potentialAction\":[{\"@type\":\"SearchAction\",\"target\":{\"@type\":\"EntryPoint\",\"urlTemplate\":\"https:\/\/www.qualitel.org\/particuliers\/?s={search_term_string}\"},\"query-input\":{\"@type\":\"PropertyValueSpecification\",\"valueRequired\":true,\"valueName\":\"search_term_string\"}}],\"inLanguage\":\"fr-FR\"},{\"@type\":\"Organization\",\"@id\":\"https:\/\/www.qualitel.org\/particuliers\/#organization\",\"name\":\"Qualitel | Particuliers\",\"url\":\"https:\/\/www.qualitel.org\/particuliers\/\",\"logo\":{\"@type\":\"ImageObject\",\"inLanguage\":\"fr-FR\",\"@id\":\"https:\/\/www.qualitel.org\/particuliers\/#\/schema\/logo\/image\/\",\"url\":\"https:\/\/www.qualitel.org\/particuliers\/wp\/..\/uploads\/qualitel-squarelogo-1456752654225.png\",\"contentUrl\":\"https:\/\/www.qualitel.org\/particuliers\/wp\/..\/uploads\/qualitel-squarelogo-1456752654225.png\",\"width\":180,\"height\":180,\"caption\":\"Qualitel | Particuliers\"},\"image\":{\"@id\":\"https:\/\/www.qualitel.org\/particuliers\/#\/schema\/logo\/image\/\"},\"sameAs\":[\"https:\/\/www.facebook.com\/groupequalitel\/\",\"https:\/\/x.com\/groupeQUALITEL\",\"https:\/\/www.instagram.com\/associationqualitel\/\",\"https:\/\/www.pinterest.fr\/associationqualitel\/\"]}]}<\/script>\n<!-- \/ Yoast SEO plugin. -->","yoast_head_json":{"title":"Qualitel | Particuliers","robots":{"index":"index","follow":"follow","max-snippet":"max-snippet:-1","max-image-preview":"max-image-preview:large","max-video-preview":"max-video-preview:-1"},"og_locale":"fr_FR","og_type":"article","og_description":"La s\u00e9curit\u00e9 et le confort de votre logement d\u00e9pendent de son installation \u00e9lectrique. Avant d\u2019acheter ou de louer, v\u00e9rifiez sa conformit\u00e9. Nos experts vous accompagnent pour rep\u00e9rer les points \u00e0 contr\u00f4ler lors de votre visite.","og_site_name":"Qualitel | Particuliers","og_image":[{"width":1080,"height":1080,"url":"https:\/\/www.qualitel.org\/particuliers\/wp\/..\/uploads\/qualitel_social_part.jpg","type":"image\/jpeg"}],"twitter_card":"summary_large_image","twitter_description":"La s\u00e9curit\u00e9 et le confort de votre logement d\u00e9pendent de son installation \u00e9lectrique. Avant d\u2019acheter ou de louer, v\u00e9rifiez sa conformit\u00e9. Nos experts vous accompagnent pour rep\u00e9rer les points \u00e0 contr\u00f4ler lors de votre visite.\n","twitter_site":"@groupeQUALITEL","schema":{"@context":"https:\/\/schema.org","@graph":[{"@type":"CollectionPage","@id":null,"url":"","name":"","isPartOf":{"@id":"https:\/\/www.qualitel.org\/particuliers\/#website"},"inLanguage":"fr-FR"},{"@type":"WebSite","@id":"https:\/\/www.qualitel.org\/particuliers\/#website","url":"https:\/\/www.qualitel.org\/particuliers\/","name":"Qualitel | Particuliers","description":"","publisher":{"@id":"https:\/\/www.qualitel.org\/particuliers\/#organization"},"potentialAction":[{"@type":"SearchAction","target":{"@type":"EntryPoint","urlTemplate":"https:\/\/www.qualitel.org\/particuliers\/?s={search_term_string}"},"query-input":{"@type":"PropertyValueSpecification","valueRequired":true,"valueName":"search_term_string"}}],"inLanguage":"fr-FR"},{"@type":"Organization","@id":"https:\/\/www.qualitel.org\/particuliers\/#organization","name":"Qualitel | Particuliers","url":"https:\/\/www.qualitel.org\/particuliers\/","logo":{"@type":"ImageObject","inLanguage":"fr-FR","@id":"https:\/\/www.qualitel.org\/particuliers\/#\/schema\/logo\/image\/","url":"https:\/\/www.qualitel.org\/particuliers\/wp\/..\/uploads\/qualitel-squarelogo-1456752654225.png","contentUrl":"https:\/\/www.qualitel.org\/particuliers\/wp\/..\/uploads\/qualitel-squarelogo-1456752654225.png","width":180,"height":180,"caption":"Qualitel | Particuliers"},"image":{"@id":"https:\/\/www.qualitel.org\/particuliers\/#\/schema\/logo\/image\/"},"sameAs":["https:\/\/www.facebook.com\/groupequalitel\/","https:\/\/x.com\/groupeQUALITEL","https:\/\/www.instagram.com\/associationqualitel\/","https:\/\/www.pinterest.fr\/associationqualitel\/"]}]}},"_links":{"self":[{"href":"https:\/\/www.qualitel.org\/particuliers\/wp-json\/wp\/v2\/guide\/22590"}],"collection":[{"href":"https:\/\/www.qualitel.org\/particuliers\/wp-json\/wp\/v2\/guide"}],"about":[{"href":"https:\/\/www.qualitel.org\/particuliers\/wp-json\/wp\/v2\/types\/guide"}],"version-history":[{"count":38,"href":"https:\/\/www.qualitel.org\/particuliers\/wp-json\/wp\/v2\/guide\/22590\/revisions"}],"predecessor-version":[{"id":51267,"href":"https:\/\/www.qualitel.org\/particuliers\/wp-json\/wp\/v2\/guide\/22590\/revisions\/51267"}],"wp:attachment":[{"href":"https:\/\/www.qualitel.org\/particuliers\/wp-json\/wp\/v2\/media?parent=22590"}],"wp:term":[{"taxonomy":"category","embeddable":true,"href":"https:\/\/www.qualitel.org\/particuliers\/wp-json\/wp\/v2\/categories?post=22590"},{"taxonomy":"tags","embeddable":true,"href":"https:\/\/www.qualitel.org\/particuliers\/wp-json\/wp\/v2\/tags?post=22590"},{"taxonomy":"thematique","embeddable":true,"href":"https:\/\/www.qualitel.org\/particuliers\/wp-json\/wp\/v2\/thematique?post=22590"},{"taxonomy":"type_bien","embeddable":true,"href":"https:\/\/www.qualitel.org\/particuliers\/wp-json\/wp\/v2\/type_bien?post=22590"}],"curies":[{"name":"wp","href":"https:\/\/api.w.org\/{rel}","templated":true}]}}

Électricité&nbsp;: que devez-vous vérifier lors d’une visite de logement&nbsp;?

<!-- This site is optimized with the Yoast SEO plugin v26.2 - https://yoast.com/wordpress/plugins/seo/ -->
<title>Qualitel | Particuliers</title>
<meta name="robots" content="index, follow, max-snippet:-1, max-image-preview:large, max-video-preview:-1" />
<meta property="og:locale" content="fr_FR" />
<meta property="og:type" content="article" />
<meta property="og:description" content="La sécurité et le confort de votre logement dépendent de son installation électrique. Avant d’acheter ou de louer, vérifiez sa conformité. Nos experts vous accompagnent pour repérer les points à contrôler lors de votre visite." />
<meta property="og:site_name" content="Qualitel | Particuliers" />
<meta property="og:image" content="https://www.qualitel.org/particuliers/wp/../uploads/qualitel_social_part.jpg" />
	<meta property="og:image:width" content="1080" />
	<meta property="og:image:height" content="1080" />
	<meta property="og:image:type" content="image/jpeg" />
<meta name="twitter:card" content="summary_large_image" />
<meta name="twitter:description" content="La sécurité et le confort de votre logement dépendent de son installation électrique. Avant d’acheter ou de louer, vérifiez sa conformité. Nos experts vous accompagnent pour repérer les points à contrôler lors de votre visite.
" />
<meta name="twitter:site" content="@groupeQUALITEL" />
<script type="application/ld+json" class="yoast-schema-graph">{"@context":"https://schema.org","@graph":[{"@type":"CollectionPage","@id":null,"url":"","name":"","isPartOf":{"@id":"https://www.qualitel.org/particuliers/#website"},"inLanguage":"fr-FR"},{"@type":"WebSite","@id":"https://www.qualitel.org/particuliers/#website","url":"https://www.qualitel.org/particuliers/","name":"Qualitel | Particuliers","description":"","publisher":{"@id":"https://www.qualitel.org/particuliers/#organization"},"potentialAction":[{"@type":"SearchAction","target":{"@type":"EntryPoint","urlTemplate":"https://www.qualitel.org/particuliers/?s={search_term_string}"},"query-input":{"@type":"PropertyValueSpecification","valueRequired":true,"valueName":"search_term_string"}}],"inLanguage":"fr-FR"},{"@type":"Organization","@id":"https://www.qualitel.org/particuliers/#organization","name":"Qualitel | Particuliers","url":"https://www.qualitel.org/particuliers/","logo":{"@type":"ImageObject","inLanguage":"fr-FR","@id":"https://www.qualitel.org/particuliers/#/schema/logo/image/","url":"https://www.qualitel.org/particuliers/wp/../uploads/qualitel-squarelogo-1456752654225.png","contentUrl":"https://www.qualitel.org/particuliers/wp/../uploads/qualitel-squarelogo-1456752654225.png","width":180,"height":180,"caption":"Qualitel | Particuliers"},"image":{"@id":"https://www.qualitel.org/particuliers/#/schema/logo/image/"},"sameAs":["https://www.facebook.com/groupequalitel/","https://x.com/groupeQUALITEL","https://www.instagram.com/associationqualitel/","https://www.pinterest.fr/associationqualitel/"]}]}</script>
<!-- / Yoast SEO plugin. -->

La sécurité et le confort de votre logement dépendent de son installation électrique. Avant d’acheter ou de louer, vérifiez sa conformité. Nos experts vous accompagnent pour repérer les points à contrôler lors de votre visite.
