{"id":47990,"date":"2024-10-25T14:53:27","date_gmt":"2024-10-25T12:53:27","guid":{"rendered":"https:\/\/www.qualitel.org\/particuliers\/?post_type=guide&#038;p=47990"},"modified":"2025-11-04T16:40:56","modified_gmt":"2025-11-04T15:40:56","slug":"checklist-contre-visite-immobilier","status":"publish","type":"guide","link":"https:\/\/www.qualitel.org\/particuliers\/acheter-logement\/checklist-contre-visite-immobilier\/","title":{"rendered":"Check-list compl\u00e8te pour une contre-visite immobili\u00e8re r\u00e9ussie"},"content":{"rendered":"","protected":false},"featured_media":50732,"parent":0,"menu_order":0,"template":"","categories":[],"tags":[446],"thematique":[],"type_bien":[474,475],"class_list":["post-47990","guide","type-guide","status-publish","has-post-thumbnail","hentry","tags-achat","type_bien-appartement","type_bien-maison"],"acf":[],"yoast_head":"<!-- This site is optimized with the Yoast SEO plugin v26.2 - https:\/\/yoast.com\/wordpress\/plugins\/seo\/ -->\n<title>Qualitel | Particuliers<\/title>\n<meta name=\"robots\" content=\"index, follow, max-snippet:-1, max-image-preview:large, max-video-preview:-1\" \/>\n<meta property=\"og:locale\" content=\"fr_FR\" \/>\n<meta property=\"og:type\" content=\"article\" \/>\n<meta property=\"og:description\" content=\"La contre-visite immobili\u00e8re est un moment important pour valider son choix avant d\u2019acheter un bien ou de le louer. Vous allez v\u00e9rifier tous les points critiques avant de vous engager dans un achat ou une location. Nos experts vous proposent une check-list adaptable \u00e0 votre projet.\" \/>\n<meta property=\"og:site_name\" content=\"Qualitel | Particuliers\" \/>\n<meta property=\"og:image\" content=\"https:\/\/www.qualitel.org\/particuliers\/wp\/..\/uploads\/qualitel_social_part.jpg\" \/>\n\t<meta property=\"og:image:width\" content=\"1080\" \/>\n\t<meta property=\"og:image:height\" content=\"1080\" \/>\n\t<meta property=\"og:image:type\" content=\"image\/jpeg\" \/>\n<meta name=\"twitter:card\" content=\"summary_large_image\" \/>\n<meta name=\"twitter:description\" content=\"La contre-visite immobili\u00e8re est un moment important pour valider son choix avant d\u2019acheter un bien ou de le louer. Vous allez v\u00e9rifier tous les points critiques avant de vous engager dans un achat ou une location. Nos experts vous proposent une check-list adaptable \u00e0 votre projet.\n\" \/>\n<meta name=\"twitter:site\" content=\"@groupeQUALITEL\" \/>\n<script type=\"application\/ld+json\" class=\"yoast-schema-graph\">{\"@context\":\"https:\/\/schema.org\",\"@graph\":[{\"@type\":\"CollectionPage\",\"@id\":null,\"url\":\"\",\"name\":\"\",\"isPartOf\":{\"@id\":\"https:\/\/www.qualitel.org\/particuliers\/#website\"},\"inLanguage\":\"fr-FR\"},{\"@type\":\"WebSite\",\"@id\":\"https:\/\/www.qualitel.org\/particuliers\/#website\",\"url\":\"https:\/\/www.qualitel.org\/particuliers\/\",\"name\":\"Qualitel | Particuliers\",\"description\":\"\",\"publisher\":{\"@id\":\"https:\/\/www.qualitel.org\/particuliers\/#organization\"},\"potentialAction\":[{\"@type\":\"SearchAction\",\"target\":{\"@type\":\"EntryPoint\",\"urlTemplate\":\"https:\/\/www.qualitel.org\/particuliers\/?s={search_term_string}\"},\"query-input\":{\"@type\":\"PropertyValueSpecification\",\"valueRequired\":true,\"valueName\":\"search_term_string\"}}],\"inLanguage\":\"fr-FR\"},{\"@type\":\"Organization\",\"@id\":\"https:\/\/www.qualitel.org\/particuliers\/#organization\",\"name\":\"Qualitel | Particuliers\",\"url\":\"https:\/\/www.qualitel.org\/particuliers\/\",\"logo\":{\"@type\":\"ImageObject\",\"inLanguage\":\"fr-FR\",\"@id\":\"https:\/\/www.qualitel.org\/particuliers\/#\/schema\/logo\/image\/\",\"url\":\"https:\/\/www.qualitel.org\/particuliers\/wp\/..\/uploads\/qualitel-squarelogo-1456752654225.png\",\"contentUrl\":\"https:\/\/www.qualitel.org\/particuliers\/wp\/..\/uploads\/qualitel-squarelogo-1456752654225.png\",\"width\":180,\"height\":180,\"caption\":\"Qualitel | Particuliers\"},\"image\":{\"@id\":\"https:\/\/www.qualitel.org\/particuliers\/#\/schema\/logo\/image\/\"},\"sameAs\":[\"https:\/\/www.facebook.com\/groupequalitel\/\",\"https:\/\/x.com\/groupeQUALITEL\",\"https:\/\/www.instagram.com\/associationqualitel\/\",\"https:\/\/www.pinterest.fr\/associationqualitel\/\"]}]}<\/script>\n<!-- \/ Yoast SEO plugin. -->","yoast_head_json":{"title":"Qualitel | Particuliers","robots":{"index":"index","follow":"follow","max-snippet":"max-snippet:-1","max-image-preview":"max-image-preview:large","max-video-preview":"max-video-preview:-1"},"og_locale":"fr_FR","og_type":"article","og_description":"La contre-visite immobili\u00e8re est un moment important pour valider son choix avant d\u2019acheter un bien ou de le louer. Vous allez v\u00e9rifier tous les points critiques avant de vous engager dans un achat ou une location. Nos experts vous proposent une check-list adaptable \u00e0 votre projet.","og_site_name":"Qualitel | Particuliers","og_image":[{"width":1080,"height":1080,"url":"https:\/\/www.qualitel.org\/particuliers\/wp\/..\/uploads\/qualitel_social_part.jpg","type":"image\/jpeg"}],"twitter_card":"summary_large_image","twitter_description":"La contre-visite immobili\u00e8re est un moment important pour valider son choix avant d\u2019acheter un bien ou de le louer. Vous allez v\u00e9rifier tous les points critiques avant de vous engager dans un achat ou une location. Nos experts vous proposent une check-list adaptable \u00e0 votre projet.\n","twitter_site":"@groupeQUALITEL","schema":{"@context":"https:\/\/schema.org","@graph":[{"@type":"CollectionPage","@id":null,"url":"","name":"","isPartOf":{"@id":"https:\/\/www.qualitel.org\/particuliers\/#website"},"inLanguage":"fr-FR"},{"@type":"WebSite","@id":"https:\/\/www.qualitel.org\/particuliers\/#website","url":"https:\/\/www.qualitel.org\/particuliers\/","name":"Qualitel | Particuliers","description":"","publisher":{"@id":"https:\/\/www.qualitel.org\/particuliers\/#organization"},"potentialAction":[{"@type":"SearchAction","target":{"@type":"EntryPoint","urlTemplate":"https:\/\/www.qualitel.org\/particuliers\/?s={search_term_string}"},"query-input":{"@type":"PropertyValueSpecification","valueRequired":true,"valueName":"search_term_string"}}],"inLanguage":"fr-FR"},{"@type":"Organization","@id":"https:\/\/www.qualitel.org\/particuliers\/#organization","name":"Qualitel | Particuliers","url":"https:\/\/www.qualitel.org\/particuliers\/","logo":{"@type":"ImageObject","inLanguage":"fr-FR","@id":"https:\/\/www.qualitel.org\/particuliers\/#\/schema\/logo\/image\/","url":"https:\/\/www.qualitel.org\/particuliers\/wp\/..\/uploads\/qualitel-squarelogo-1456752654225.png","contentUrl":"https:\/\/www.qualitel.org\/particuliers\/wp\/..\/uploads\/qualitel-squarelogo-1456752654225.png","width":180,"height":180,"caption":"Qualitel | Particuliers"},"image":{"@id":"https:\/\/www.qualitel.org\/particuliers\/#\/schema\/logo\/image\/"},"sameAs":["https:\/\/www.facebook.com\/groupequalitel\/","https:\/\/x.com\/groupeQUALITEL","https:\/\/www.instagram.com\/associationqualitel\/","https:\/\/www.pinterest.fr\/associationqualitel\/"]}]}},"_links":{"self":[{"href":"https:\/\/www.qualitel.org\/particuliers\/wp-json\/wp\/v2\/guide\/47990"}],"collection":[{"href":"https:\/\/www.qualitel.org\/particuliers\/wp-json\/wp\/v2\/guide"}],"about":[{"href":"https:\/\/www.qualitel.org\/particuliers\/wp-json\/wp\/v2\/types\/guide"}],"version-history":[{"count":32,"href":"https:\/\/www.qualitel.org\/particuliers\/wp-json\/wp\/v2\/guide\/47990\/revisions"}],"predecessor-version":[{"id":51721,"href":"https:\/\/www.qualitel.org\/particuliers\/wp-json\/wp\/v2\/guide\/47990\/revisions\/51721"}],"wp:featuredmedia":[{"embeddable":true,"href":"https:\/\/www.qualitel.org\/particuliers\/wp-json\/wp\/v2\/media\/50732"}],"wp:attachment":[{"href":"https:\/\/www.qualitel.org\/particuliers\/wp-json\/wp\/v2\/media?parent=47990"}],"wp:term":[{"taxonomy":"category","embeddable":true,"href":"https:\/\/www.qualitel.org\/particuliers\/wp-json\/wp\/v2\/categories?post=47990"},{"taxonomy":"tags","embeddable":true,"href":"https:\/\/www.qualitel.org\/particuliers\/wp-json\/wp\/v2\/tags?post=47990"},{"taxonomy":"thematique","embeddable":true,"href":"https:\/\/www.qualitel.org\/particuliers\/wp-json\/wp\/v2\/thematique?post=47990"},{"taxonomy":"type_bien","embeddable":true,"href":"https:\/\/www.qualitel.org\/particuliers\/wp-json\/wp\/v2\/type_bien?post=47990"}],"curies":[{"name":"wp","href":"https:\/\/api.w.org\/{rel}","templated":true}]}}

Check-list complète pour une contre-visite immobilière réussie

<!-- This site is optimized with the Yoast SEO plugin v26.2 - https://yoast.com/wordpress/plugins/seo/ -->
<title>Qualitel | Particuliers</title>
<meta name="robots" content="index, follow, max-snippet:-1, max-image-preview:large, max-video-preview:-1" />
<meta property="og:locale" content="fr_FR" />
<meta property="og:type" content="article" />
<meta property="og:description" content="La contre-visite immobilière est un moment important pour valider son choix avant d’acheter un bien ou de le louer. Vous allez vérifier tous les points critiques avant de vous engager dans un achat ou une location. Nos experts vous proposent une check-list adaptable à votre projet." />
<meta property="og:site_name" content="Qualitel | Particuliers" />
<meta property="og:image" content="https://www.qualitel.org/particuliers/wp/../uploads/qualitel_social_part.jpg" />
	<meta property="og:image:width" content="1080" />
	<meta property="og:image:height" content="1080" />
	<meta property="og:image:type" content="image/jpeg" />
<meta name="twitter:card" content="summary_large_image" />
<meta name="twitter:description" content="La contre-visite immobilière est un moment important pour valider son choix avant d’acheter un bien ou de le louer. Vous allez vérifier tous les points critiques avant de vous engager dans un achat ou une location. Nos experts vous proposent une check-list adaptable à votre projet.
" />
<meta name="twitter:site" content="@groupeQUALITEL" />
<script type="application/ld+json" class="yoast-schema-graph">{"@context":"https://schema.org","@graph":[{"@type":"CollectionPage","@id":null,"url":"","name":"","isPartOf":{"@id":"https://www.qualitel.org/particuliers/#website"},"inLanguage":"fr-FR"},{"@type":"WebSite","@id":"https://www.qualitel.org/particuliers/#website","url":"https://www.qualitel.org/particuliers/","name":"Qualitel | Particuliers","description":"","publisher":{"@id":"https://www.qualitel.org/particuliers/#organization"},"potentialAction":[{"@type":"SearchAction","target":{"@type":"EntryPoint","urlTemplate":"https://www.qualitel.org/particuliers/?s={search_term_string}"},"query-input":{"@type":"PropertyValueSpecification","valueRequired":true,"valueName":"search_term_string"}}],"inLanguage":"fr-FR"},{"@type":"Organization","@id":"https://www.qualitel.org/particuliers/#organization","name":"Qualitel | Particuliers","url":"https://www.qualitel.org/particuliers/","logo":{"@type":"ImageObject","inLanguage":"fr-FR","@id":"https://www.qualitel.org/particuliers/#/schema/logo/image/","url":"https://www.qualitel.org/particuliers/wp/../uploads/qualitel-squarelogo-1456752654225.png","contentUrl":"https://www.qualitel.org/particuliers/wp/../uploads/qualitel-squarelogo-1456752654225.png","width":180,"height":180,"caption":"Qualitel | Particuliers"},"image":{"@id":"https://www.qualitel.org/particuliers/#/schema/logo/image/"},"sameAs":["https://www.facebook.com/groupequalitel/","https://x.com/groupeQUALITEL","https://www.instagram.com/associationqualitel/","https://www.pinterest.fr/associationqualitel/"]}]}</script>
<!-- / Yoast SEO plugin. -->

La contre-visite immobilière est un moment important pour valider son choix avant d’acheter un bien ou de le louer. Vous allez vérifier tous les points critiques avant de vous engager dans un achat ou une location. Nos experts vous proposent une check-list adaptable à votre projet.
