{"version":"1.0","provider_name":"Qualitel | Professionnels","provider_url":"https:\/\/www.qualitel.org\/professionnels","title":"QUALITEL Formation : d\u00e9couvrez le catalogue de formations 2026 - QUALITEL Formation","type":"rich","width":600,"height":338,"html":"<blockquote class=\"wp-embedded-content\" data-secret=\"AQ5GM5am5f\"><a href=\"https:\/\/www.qualitel.org\/professionnels\/actualites\/qualitel-formation-nouveau-catalogue\/\">QUALITEL Formation : d\u00e9couvrez le catalogue de formations 2026<\/a><\/blockquote><iframe sandbox=\"allow-scripts\" security=\"restricted\" src=\"https:\/\/www.qualitel.org\/professionnels\/actualites\/qualitel-formation-nouveau-catalogue\/embed\/#?secret=AQ5GM5am5f\" width=\"600\" height=\"338\" title=\"\u00ab\u00a0QUALITEL Formation : d\u00e9couvrez le catalogue de formations 2026\u00a0\u00bb &#8212; Qualitel | Professionnels\" data-secret=\"AQ5GM5am5f\" frameborder=\"0\" marginwidth=\"0\" marginheight=\"0\" scrolling=\"no\" class=\"wp-embedded-content\"><\/iframe><script type=\"text\/javascript\">\n\/* <![CDATA[ *\/\n\/*! This file is auto-generated *\/\n!function(d,l){\"use strict\";l.querySelector&&d.addEventListener&&\"undefined\"!=typeof URL&&(d.wp=d.wp||{},d.wp.receiveEmbedMessage||(d.wp.receiveEmbedMessage=function(e){var t=e.data;if((t||t.secret||t.message||t.value)&&!\/[^a-zA-Z0-9]\/.test(t.secret)){for(var s,r,n,a=l.querySelectorAll('iframe[data-secret=\"'+t.secret+'\"]'),o=l.querySelectorAll('blockquote[data-secret=\"'+t.secret+'\"]'),c=new RegExp(\"^https?:$\",\"i\"),i=0;i<o.length;i++)o[i].style.display=\"none\";for(i=0;i<a.length;i++)s=a[i],e.source===s.contentWindow&&(s.removeAttribute(\"style\"),\"height\"===t.message?(1e3<(r=parseInt(t.value,10))?r=1e3:~~r<200&&(r=200),s.height=r):\"link\"===t.message&&(r=new URL(s.getAttribute(\"src\")),n=new URL(t.value),c.test(n.protocol))&&n.host===r.host&&l.activeElement===s&&(d.top.location.href=t.value))}},d.addEventListener(\"message\",d.wp.receiveEmbedMessage,!1),l.addEventListener(\"DOMContentLoaded\",function(){for(var e,t,s=l.querySelectorAll(\"iframe.wp-embedded-content\"),r=0;r<s.length;r++)(t=(e=s[r]).getAttribute(\"data-secret\"))||(t=Math.random().toString(36).substring(2,12),e.src+=\"#?secret=\"+t,e.setAttribute(\"data-secret\",t)),e.contentWindow.postMessage({message:\"ready\",secret:t},\"*\")},!1)))}(window,document);\n\/* ]]> *\/\n<\/script>\n","thumbnail_url":"https:\/\/www.qualitel.org\/professionnels\/wp\/..\/uploads\/catalogue-2026.jpg","thumbnail_width":900,"thumbnail_height":513,"description":"Qui dit nouvelle ann\u00e9e, dit nouveau catalogue de QUALITEL Formation ! A partir du 1er janvier 2026, les professionnels du b\u00e2timent et de l\u2019habitat pourront acc\u00e9der \u00e0 une offre enrichie et diversifi\u00e9e, avec 135 formations adapt\u00e9es aux besoins du secteur, parmi lesquelles 30 nouveaut\u00e9s."}

QUALITEL Formation : découvrez le catalogue de formations 2026 - QUALITEL Formation

<blockquote class="wp-embedded-content" data-secret="AQ5GM5am5f"><a href="https://www.qualitel.org/professionnels/actualites/qualitel-formation-nouveau-catalogue/">QUALITEL Formation : découvrez le catalogue de formations 2026</a></blockquote><iframe sandbox="allow-scripts" security="restricted" src="https://www.qualitel.org/professionnels/actualites/qualitel-formation-nouveau-catalogue/embed/#?secret=AQ5GM5am5f" width="600" height="338" title="« QUALITEL Formation : découvrez le catalogue de formations 2026 » &#8212; Qualitel | Professionnels" data-secret="AQ5GM5am5f" frameborder="0" marginwidth="0" marginheight="0" scrolling="no" class="wp-embedded-content"></iframe><script type="text/javascript">
/* <![CDATA[ */
/*! This file is auto-generated */
!function(d,l){"use strict";l.querySelector&&d.addEventListener&&"undefined"!=typeof URL&&(d.wp=d.wp||{},d.wp.receiveEmbedMessage||(d.wp.receiveEmbedMessage=function(e){var t=e.data;if((t||t.secret||t.message||t.value)&&!/[^a-zA-Z0-9]/.test(t.secret)){for(var s,r,n,a=l.querySelectorAll('iframe[data-secret="'+t.secret+'"]'),o=l.querySelectorAll('blockquote[data-secret="'+t.secret+'"]'),c=new RegExp("^https?:$","i"),i=0;i<o.length;i++)o[i].style.display="none";for(i=0;i<a.length;i++)s=a[i],e.source===s.contentWindow&&(s.removeAttribute("style"),"height"===t.message?(1e3<(r=parseInt(t.value,10))?r=1e3:~~r<200&&(r=200),s.height=r):"link"===t.message&&(r=new URL(s.getAttribute("src")),n=new URL(t.value),c.test(n.protocol))&&n.host===r.host&&l.activeElement===s&&(d.top.location.href=t.value))}},d.addEventListener("message",d.wp.receiveEmbedMessage,!1),l.addEventListener("DOMContentLoaded",function(){for(var e,t,s=l.querySelectorAll("iframe.wp-embedded-content"),r=0;r<s.length;r++)(t=(e=s[r]).getAttribute("data-secret"))||(t=Math.random().toString(36).substring(2,12),e.src+="#?secret="+t,e.setAttribute("data-secret",t)),e.contentWindow.postMessage({message:"ready",secret:t},"*")},!1)))}(window,document);
/* ]]> */
</script>

Qui dit nouvelle année, dit nouveau catalogue de QUALITEL Formation ! A partir du 1er janvier 2026, les professionnels du bâtiment et de l’habitat pourront accéder à une offre enrichie et diversifiée, avec 135 formations adaptées aux besoins du secteur, parmi lesquelles 30 nouveautés.
