{"id":25509,"date":"2019-08-20T14:39:36","date_gmt":"2019-08-20T12:39:36","guid":{"rendered":"https:\/\/www.qualitel.org\/professionnels\/?post_type=formations&#038;p=25509"},"modified":"2025-12-11T15:01:33","modified_gmt":"2025-12-11T14:01:33","slug":"formation-fin-chantier-reception-travaux","status":"publish","type":"formations","link":"https:\/\/www.qualitel.org\/professionnels\/formation\/qualite-sante\/fin-chantier-bien-receptionner-travaux\/","title":{"rendered":"La fin de chantier : bien r\u00e9ceptionner les travaux"},"content":{"rendered":"","protected":false},"featured_media":0,"parent":0,"menu_order":0,"template":"","tags":[],"article_type":[645],"villes":[],"class_list":["post-25509","formations","type-formations","status-publish","hentry","reference-exp08p","formation_category-qualite-sante","metier_category-gestionnaires-dequipements","metier_category-maitres-douvrage-publics-et-prives","format_category-classe-virtuelle","format_category-presentiel","public_category-maitrise-douvrage"],"acf":[],"yoast_head":"<!-- This site is optimized with the Yoast SEO plugin v26.3 - https:\/\/yoast.com\/wordpress\/plugins\/seo\/ -->\n<title>La fin de chantier : bien r\u00e9ceptionner les travaux - QUALITEL Formation<\/title>\n<meta name=\"description\" content=\"Formation 1 jour : \u00e9tapes cl\u00e9s de la fin de chantier, r\u00f4le et responsabilit\u00e9s des acteurs, gestion contentieux, litiges, r\u00e9serves et r\u00e9clamations\" \/>\n<meta name=\"robots\" content=\"index, follow, max-snippet:-1, max-image-preview:large, max-video-preview:-1\" \/>\n<link rel=\"canonical\" href=\"https:\/\/www.qualitel.org\/professionnels\/formation\/qualite-sante\/fin-chantier-bien-receptionner-travaux\/\" \/>\n<meta property=\"og:locale\" content=\"fr_FR\" \/>\n<meta property=\"og:type\" content=\"article\" \/>\n<meta property=\"og:title\" content=\"La fin de chantier : bien r\u00e9ceptionner les travaux - QUALITEL Formation\" \/>\n<meta property=\"og:description\" content=\"Formation 1 jour : \u00e9tapes cl\u00e9s de la fin de chantier, r\u00f4le et responsabilit\u00e9s des acteurs, gestion contentieux, litiges, r\u00e9serves et r\u00e9clamations\" \/>\n<meta property=\"og:url\" content=\"https:\/\/www.qualitel.org\/professionnels\/formation\/qualite-sante\/fin-chantier-bien-receptionner-travaux\/\" \/>\n<meta property=\"og:site_name\" content=\"Qualitel | Professionnels\" \/>\n<meta property=\"article:publisher\" content=\"https:\/\/www.facebook.com\/groupequalitel\/\" \/>\n<meta property=\"article:modified_time\" content=\"2025-12-11T14:01:33+00:00\" \/>\n<meta name=\"twitter:card\" content=\"summary_large_image\" \/>\n<meta name=\"twitter:site\" content=\"@groupeQUALITEL\" \/>\n<meta name=\"twitter:label1\" content=\"Est. reading time\" \/>\n\t<meta name=\"twitter:data1\" content=\"2 minutes\" \/>\n<script type=\"application\/ld+json\" class=\"yoast-schema-graph\">{\"@context\":\"https:\/\/schema.org\",\"@graph\":[{\"@type\":\"WebPage\",\"@id\":\"https:\/\/www.qualitel.org\/professionnels\/formation\/qualite-sante\/fin-chantier-bien-receptionner-travaux\/\",\"url\":\"https:\/\/www.qualitel.org\/professionnels\/formation\/qualite-sante\/fin-chantier-bien-receptionner-travaux\/\",\"name\":\"La fin de chantier : bien r\u00e9ceptionner les travaux - QUALITEL Formation\",\"isPartOf\":{\"@id\":\"https:\/\/www.qualitel.org\/professionnels\/#website\"},\"datePublished\":\"2019-08-20T12:39:36+00:00\",\"dateModified\":\"2025-12-11T14:01:33+00:00\",\"description\":\"Formation 1 jour : \u00e9tapes cl\u00e9s de la fin de chantier, r\u00f4le et responsabilit\u00e9s des acteurs, gestion contentieux, litiges, r\u00e9serves et r\u00e9clamations\",\"breadcrumb\":{\"@id\":\"https:\/\/www.qualitel.org\/professionnels\/formation\/qualite-sante\/fin-chantier-bien-receptionner-travaux\/#breadcrumb\"},\"inLanguage\":\"fr-FR\",\"potentialAction\":[{\"@type\":\"ReadAction\",\"target\":[\"https:\/\/www.qualitel.org\/professionnels\/formation\/qualite-sante\/fin-chantier-bien-receptionner-travaux\/\"]}]},{\"@type\":\"BreadcrumbList\",\"@id\":\"https:\/\/www.qualitel.org\/professionnels\/formation\/qualite-sante\/fin-chantier-bien-receptionner-travaux\/#breadcrumb\",\"itemListElement\":[{\"@type\":\"ListItem\",\"position\":1,\"name\":\"Accueil\",\"item\":\"https:\/\/www.qualitel.org\/professionnels\/\"},{\"@type\":\"ListItem\",\"position\":2,\"name\":\"La fin de chantier : bien r\u00e9ceptionner les travaux\"}]},{\"@type\":\"WebSite\",\"@id\":\"https:\/\/www.qualitel.org\/professionnels\/#website\",\"url\":\"https:\/\/www.qualitel.org\/professionnels\/\",\"name\":\"Qualitel | Professionnels\",\"description\":\"\",\"publisher\":{\"@id\":\"https:\/\/www.qualitel.org\/professionnels\/#organization\"},\"potentialAction\":[{\"@type\":\"SearchAction\",\"target\":{\"@type\":\"EntryPoint\",\"urlTemplate\":\"https:\/\/www.qualitel.org\/professionnels\/?s={search_term_string}\"},\"query-input\":{\"@type\":\"PropertyValueSpecification\",\"valueRequired\":true,\"valueName\":\"search_term_string\"}}],\"inLanguage\":\"fr-FR\"},{\"@type\":\"Organization\",\"@id\":\"https:\/\/www.qualitel.org\/professionnels\/#organization\",\"name\":\"Qualitel\",\"url\":\"https:\/\/www.qualitel.org\/professionnels\/\",\"logo\":{\"@type\":\"ImageObject\",\"inLanguage\":\"fr-FR\",\"@id\":\"https:\/\/www.qualitel.org\/professionnels\/#\/schema\/logo\/image\/\",\"url\":\"https:\/\/www.qualitel.org\/professionnels\/wp\/..\/uploads\/qualitel_social.jpg\",\"contentUrl\":\"https:\/\/www.qualitel.org\/professionnels\/wp\/..\/uploads\/qualitel_social.jpg\",\"width\":1080,\"height\":1080,\"caption\":\"Qualitel\"},\"image\":{\"@id\":\"https:\/\/www.qualitel.org\/professionnels\/#\/schema\/logo\/image\/\"},\"sameAs\":[\"https:\/\/www.facebook.com\/groupequalitel\/\",\"https:\/\/x.com\/groupeQUALITEL\",\"https:\/\/www.instagram.com\/associationqualitel\/\"]}]}<\/script>\n<!-- \/ Yoast SEO plugin. -->","yoast_head_json":{"title":"La fin de chantier : bien r\u00e9ceptionner les travaux - QUALITEL Formation","description":"Formation 1 jour : \u00e9tapes cl\u00e9s de la fin de chantier, r\u00f4le et responsabilit\u00e9s des acteurs, gestion contentieux, litiges, r\u00e9serves et r\u00e9clamations","robots":{"index":"index","follow":"follow","max-snippet":"max-snippet:-1","max-image-preview":"max-image-preview:large","max-video-preview":"max-video-preview:-1"},"canonical":"https:\/\/www.qualitel.org\/professionnels\/formation\/qualite-sante\/fin-chantier-bien-receptionner-travaux\/","og_locale":"fr_FR","og_type":"article","og_title":"La fin de chantier : bien r\u00e9ceptionner les travaux - QUALITEL Formation","og_description":"Formation 1 jour : \u00e9tapes cl\u00e9s de la fin de chantier, r\u00f4le et responsabilit\u00e9s des acteurs, gestion contentieux, litiges, r\u00e9serves et r\u00e9clamations","og_url":"https:\/\/www.qualitel.org\/professionnels\/formation\/qualite-sante\/fin-chantier-bien-receptionner-travaux\/","og_site_name":"Qualitel | Professionnels","article_publisher":"https:\/\/www.facebook.com\/groupequalitel\/","article_modified_time":"2025-12-11T14:01:33+00:00","twitter_card":"summary_large_image","twitter_site":"@groupeQUALITEL","twitter_misc":{"Est. reading time":"2 minutes"},"schema":{"@context":"https:\/\/schema.org","@graph":[{"@type":"WebPage","@id":"https:\/\/www.qualitel.org\/professionnels\/formation\/qualite-sante\/fin-chantier-bien-receptionner-travaux\/","url":"https:\/\/www.qualitel.org\/professionnels\/formation\/qualite-sante\/fin-chantier-bien-receptionner-travaux\/","name":"La fin de chantier : bien r\u00e9ceptionner les travaux - QUALITEL Formation","isPartOf":{"@id":"https:\/\/www.qualitel.org\/professionnels\/#website"},"datePublished":"2019-08-20T12:39:36+00:00","dateModified":"2025-12-11T14:01:33+00:00","description":"Formation 1 jour : \u00e9tapes cl\u00e9s de la fin de chantier, r\u00f4le et responsabilit\u00e9s des acteurs, gestion contentieux, litiges, r\u00e9serves et r\u00e9clamations","breadcrumb":{"@id":"https:\/\/www.qualitel.org\/professionnels\/formation\/qualite-sante\/fin-chantier-bien-receptionner-travaux\/#breadcrumb"},"inLanguage":"fr-FR","potentialAction":[{"@type":"ReadAction","target":["https:\/\/www.qualitel.org\/professionnels\/formation\/qualite-sante\/fin-chantier-bien-receptionner-travaux\/"]}]},{"@type":"BreadcrumbList","@id":"https:\/\/www.qualitel.org\/professionnels\/formation\/qualite-sante\/fin-chantier-bien-receptionner-travaux\/#breadcrumb","itemListElement":[{"@type":"ListItem","position":1,"name":"Accueil","item":"https:\/\/www.qualitel.org\/professionnels\/"},{"@type":"ListItem","position":2,"name":"La fin de chantier : bien r\u00e9ceptionner les travaux"}]},{"@type":"WebSite","@id":"https:\/\/www.qualitel.org\/professionnels\/#website","url":"https:\/\/www.qualitel.org\/professionnels\/","name":"Qualitel | Professionnels","description":"","publisher":{"@id":"https:\/\/www.qualitel.org\/professionnels\/#organization"},"potentialAction":[{"@type":"SearchAction","target":{"@type":"EntryPoint","urlTemplate":"https:\/\/www.qualitel.org\/professionnels\/?s={search_term_string}"},"query-input":{"@type":"PropertyValueSpecification","valueRequired":true,"valueName":"search_term_string"}}],"inLanguage":"fr-FR"},{"@type":"Organization","@id":"https:\/\/www.qualitel.org\/professionnels\/#organization","name":"Qualitel","url":"https:\/\/www.qualitel.org\/professionnels\/","logo":{"@type":"ImageObject","inLanguage":"fr-FR","@id":"https:\/\/www.qualitel.org\/professionnels\/#\/schema\/logo\/image\/","url":"https:\/\/www.qualitel.org\/professionnels\/wp\/..\/uploads\/qualitel_social.jpg","contentUrl":"https:\/\/www.qualitel.org\/professionnels\/wp\/..\/uploads\/qualitel_social.jpg","width":1080,"height":1080,"caption":"Qualitel"},"image":{"@id":"https:\/\/www.qualitel.org\/professionnels\/#\/schema\/logo\/image\/"},"sameAs":["https:\/\/www.facebook.com\/groupequalitel\/","https:\/\/x.com\/groupeQUALITEL","https:\/\/www.instagram.com\/associationqualitel\/"]}]}},"_links":{"self":[{"href":"https:\/\/www.qualitel.org\/professionnels\/wp-json\/wp\/v2\/formations\/25509","targetHints":{"allow":["GET"]}}],"collection":[{"href":"https:\/\/www.qualitel.org\/professionnels\/wp-json\/wp\/v2\/formations"}],"about":[{"href":"https:\/\/www.qualitel.org\/professionnels\/wp-json\/wp\/v2\/types\/formations"}],"version-history":[{"count":130,"href":"https:\/\/www.qualitel.org\/professionnels\/wp-json\/wp\/v2\/formations\/25509\/revisions"}],"predecessor-version":[{"id":123901,"href":"https:\/\/www.qualitel.org\/professionnels\/wp-json\/wp\/v2\/formations\/25509\/revisions\/123901"}],"wp:attachment":[{"href":"https:\/\/www.qualitel.org\/professionnels\/wp-json\/wp\/v2\/media?parent=25509"}],"wp:term":[{"taxonomy":"etiquettes","embeddable":true,"href":"https:\/\/www.qualitel.org\/professionnels\/wp-json\/wp\/v2\/tags?post=25509"},{"taxonomy":"article_type","embeddable":true,"href":"https:\/\/www.qualitel.org\/professionnels\/wp-json\/wp\/v2\/article_type?post=25509"},{"taxonomy":"reference","embeddable":true,"href":"https:\/\/www.qualitel.org\/professionnels\/wp-json\/wp\/v2\/article_type?post=25509"},{"taxonomy":"formation_category","embeddable":true,"href":"https:\/\/www.qualitel.org\/professionnels\/wp-json\/wp\/v2\/article_type?post=25509"},{"taxonomy":"metier_category","embeddable":true,"href":"https:\/\/www.qualitel.org\/professionnels\/wp-json\/wp\/v2\/article_type?post=25509"},{"taxonomy":"format_category","embeddable":true,"href":"https:\/\/www.qualitel.org\/professionnels\/wp-json\/wp\/v2\/article_type?post=25509"},{"taxonomy":"public_category","embeddable":true,"href":"https:\/\/www.qualitel.org\/professionnels\/wp-json\/wp\/v2\/article_type?post=25509"},{"taxonomy":"villes_formations","embeddable":true,"href":"https:\/\/www.qualitel.org\/professionnels\/wp-json\/wp\/v2\/villes?post=25509"}],"curies":[{"name":"wp","href":"https:\/\/api.w.org\/{rel}","templated":true}]}}

La fin de chantier : bien réceptionner les travaux

<!-- This site is optimized with the Yoast SEO plugin v26.3 - https://yoast.com/wordpress/plugins/seo/ -->
<title>La fin de chantier : bien réceptionner les travaux - QUALITEL Formation</title>
<meta name="description" content="Formation 1 jour : étapes clés de la fin de chantier, rôle et responsabilités des acteurs, gestion contentieux, litiges, réserves et réclamations" />
<meta name="robots" content="index, follow, max-snippet:-1, max-image-preview:large, max-video-preview:-1" />
<link rel="canonical" href="https://www.qualitel.org/professionnels/formation/qualite-sante/fin-chantier-bien-receptionner-travaux/" />
<meta property="og:locale" content="fr_FR" />
<meta property="og:type" content="article" />
<meta property="og:title" content="La fin de chantier : bien réceptionner les travaux - QUALITEL Formation" />
<meta property="og:description" content="Formation 1 jour : étapes clés de la fin de chantier, rôle et responsabilités des acteurs, gestion contentieux, litiges, réserves et réclamations" />
<meta property="og:url" content="https://www.qualitel.org/professionnels/formation/qualite-sante/fin-chantier-bien-receptionner-travaux/" />
<meta property="og:site_name" content="Qualitel | Professionnels" />
<meta property="article:publisher" content="https://www.facebook.com/groupequalitel/" />
<meta property="article:modified_time" content="2025-12-11T14:01:33+00:00" />
<meta name="twitter:card" content="summary_large_image" />
<meta name="twitter:site" content="@groupeQUALITEL" />
<meta name="twitter:label1" content="Est. reading time" />
	<meta name="twitter:data1" content="2 minutes" />
<script type="application/ld+json" class="yoast-schema-graph">{"@context":"https://schema.org","@graph":[{"@type":"WebPage","@id":"https://www.qualitel.org/professionnels/formation/qualite-sante/fin-chantier-bien-receptionner-travaux/","url":"https://www.qualitel.org/professionnels/formation/qualite-sante/fin-chantier-bien-receptionner-travaux/","name":"La fin de chantier : bien réceptionner les travaux - QUALITEL Formation","isPartOf":{"@id":"https://www.qualitel.org/professionnels/#website"},"datePublished":"2019-08-20T12:39:36+00:00","dateModified":"2025-12-11T14:01:33+00:00","description":"Formation 1 jour : étapes clés de la fin de chantier, rôle et responsabilités des acteurs, gestion contentieux, litiges, réserves et réclamations","breadcrumb":{"@id":"https://www.qualitel.org/professionnels/formation/qualite-sante/fin-chantier-bien-receptionner-travaux/#breadcrumb"},"inLanguage":"fr-FR","potentialAction":[{"@type":"ReadAction","target":["https://www.qualitel.org/professionnels/formation/qualite-sante/fin-chantier-bien-receptionner-travaux/"]}]},{"@type":"BreadcrumbList","@id":"https://www.qualitel.org/professionnels/formation/qualite-sante/fin-chantier-bien-receptionner-travaux/#breadcrumb","itemListElement":[{"@type":"ListItem","position":1,"name":"Accueil","item":"https://www.qualitel.org/professionnels/"},{"@type":"ListItem","position":2,"name":"La fin de chantier : bien réceptionner les travaux"}]},{"@type":"WebSite","@id":"https://www.qualitel.org/professionnels/#website","url":"https://www.qualitel.org/professionnels/","name":"Qualitel | Professionnels","description":"","publisher":{"@id":"https://www.qualitel.org/professionnels/#organization"},"potentialAction":[{"@type":"SearchAction","target":{"@type":"EntryPoint","urlTemplate":"https://www.qualitel.org/professionnels/?s={search_term_string}"},"query-input":{"@type":"PropertyValueSpecification","valueRequired":true,"valueName":"search_term_string"}}],"inLanguage":"fr-FR"},{"@type":"Organization","@id":"https://www.qualitel.org/professionnels/#organization","name":"Qualitel","url":"https://www.qualitel.org/professionnels/","logo":{"@type":"ImageObject","inLanguage":"fr-FR","@id":"https://www.qualitel.org/professionnels/#/schema/logo/image/","url":"https://www.qualitel.org/professionnels/wp/../uploads/qualitel_social.jpg","contentUrl":"https://www.qualitel.org/professionnels/wp/../uploads/qualitel_social.jpg","width":1080,"height":1080,"caption":"Qualitel"},"image":{"@id":"https://www.qualitel.org/professionnels/#/schema/logo/image/"},"sameAs":["https://www.facebook.com/groupequalitel/","https://x.com/groupeQUALITEL","https://www.instagram.com/associationqualitel/"]}]}</script>
<!-- / Yoast SEO plugin. -->

La fin de chantier : bien réceptionner les travaux - QUALITEL Formation

Formation 1 jour : étapes clés de la fin de chantier, rôle et responsabilités des acteurs, gestion contentieux, litiges, réserves et réclamations
