{"id":32285,"date":"2020-06-09T17:14:08","date_gmt":"2020-06-09T15:14:08","guid":{"rendered":"https:\/\/www.qualitel.org\/professionnels\/?post_type=formations&#038;p=32285"},"modified":"2026-04-14T16:23:01","modified_gmt":"2026-04-14T14:23:01","slug":"formation-integrer-fondamentaux-acv-batiment-construction","status":"publish","type":"formations","link":"https:\/\/www.qualitel.org\/professionnels\/formation\/energie-environnement\/integrer-fondamentaux-acv-batiment-projet-construction\/","title":{"rendered":"Int\u00e9grer les fondamentaux de l\u2019ACV b\u00e2timent dans un projet de construction (RE2020)"},"content":{"rendered":"","protected":false},"featured_media":0,"parent":0,"menu_order":0,"template":"","tags":[],"article_type":[652,646,653,644,650,645,648],"villes":[],"class_list":["post-32285","formations","type-formations","status-publish","hentry","reference-env13p","formation_category-energie-environnement","metier_category-architectes","metier_category-bureaux-detudes","metier_category-entreprise-de-construction","metier_category-entreprises-du-batiment","format_category-classe-virtuelle","format_category-presentiel","public_category-architecte","public_category-bailleur-social","public_category-bureau-detudes-techniques-bet","public_category-entreprise-du-batiment-generaliste-ou-specialiste","public_category-maitrise-doeuvre","public_category-maitrise-douvrage","public_category-promoteur"],"acf":[],"yoast_head":"<!-- This site is optimized with the Yoast SEO plugin v26.3 - https:\/\/yoast.com\/wordpress\/plugins\/seo\/ -->\n<title>Int\u00e9grer les fondamentaux de l\u2019ACV b\u00e2timent dans un projet de construction (RE2020) - QUALITEL Formation<\/title>\n<meta name=\"description\" content=\"Formation 1 jour : Enjeux, Objectifs Analyse de Cycle de Vie (ACV) d\u2019un b\u00e2timent, M\u00e9thodologie ACV, Interpr\u00e9tation des r\u00e9sultats de la m\u00e9thode\" \/>\n<meta name=\"robots\" content=\"index, follow, max-snippet:-1, max-image-preview:large, max-video-preview:-1\" \/>\n<link rel=\"canonical\" href=\"https:\/\/www.qualitel.org\/professionnels\/formation\/energie-environnement\/integrer-fondamentaux-acv-batiment-projet-construction\/\" \/>\n<meta property=\"og:locale\" content=\"fr_FR\" \/>\n<meta property=\"og:type\" content=\"article\" \/>\n<meta property=\"og:title\" content=\"Int\u00e9grer les fondamentaux de l\u2019ACV b\u00e2timent dans un projet de construction (RE2020) - QUALITEL Formation\" \/>\n<meta property=\"og:description\" content=\"Formation 1 jour : Enjeux, Objectifs Analyse de Cycle de Vie (ACV) d\u2019un b\u00e2timent, M\u00e9thodologie ACV, Interpr\u00e9tation des r\u00e9sultats de la m\u00e9thode\" \/>\n<meta property=\"og:url\" content=\"https:\/\/www.qualitel.org\/professionnels\/formation\/energie-environnement\/integrer-fondamentaux-acv-batiment-projet-construction\/\" \/>\n<meta property=\"og:site_name\" content=\"Qualitel | Professionnels\" \/>\n<meta property=\"article:publisher\" content=\"https:\/\/www.facebook.com\/groupequalitel\/\" \/>\n<meta property=\"article:modified_time\" content=\"2026-04-14T14:23:01+00:00\" \/>\n<meta name=\"twitter:card\" content=\"summary_large_image\" \/>\n<meta name=\"twitter:site\" content=\"@groupeQUALITEL\" \/>\n<meta name=\"twitter:label1\" content=\"Est. reading time\" \/>\n\t<meta name=\"twitter:data1\" content=\"2 minutes\" \/>\n<script type=\"application\/ld+json\" class=\"yoast-schema-graph\">{\"@context\":\"https:\/\/schema.org\",\"@graph\":[{\"@type\":\"WebPage\",\"@id\":\"https:\/\/www.qualitel.org\/professionnels\/formation\/energie-environnement\/integrer-fondamentaux-acv-batiment-projet-construction\/\",\"url\":\"https:\/\/www.qualitel.org\/professionnels\/formation\/energie-environnement\/integrer-fondamentaux-acv-batiment-projet-construction\/\",\"name\":\"Int\u00e9grer les fondamentaux de l\u2019ACV b\u00e2timent dans un projet de construction (RE2020) - QUALITEL Formation\",\"isPartOf\":{\"@id\":\"https:\/\/www.qualitel.org\/professionnels\/#website\"},\"datePublished\":\"2020-06-09T15:14:08+00:00\",\"dateModified\":\"2026-04-14T14:23:01+00:00\",\"description\":\"Formation 1 jour : Enjeux, Objectifs Analyse de Cycle de Vie (ACV) d\u2019un b\u00e2timent, M\u00e9thodologie ACV, Interpr\u00e9tation des r\u00e9sultats de la m\u00e9thode\",\"breadcrumb\":{\"@id\":\"https:\/\/www.qualitel.org\/professionnels\/formation\/energie-environnement\/integrer-fondamentaux-acv-batiment-projet-construction\/#breadcrumb\"},\"inLanguage\":\"fr-FR\",\"potentialAction\":[{\"@type\":\"ReadAction\",\"target\":[\"https:\/\/www.qualitel.org\/professionnels\/formation\/energie-environnement\/integrer-fondamentaux-acv-batiment-projet-construction\/\"]}]},{\"@type\":\"BreadcrumbList\",\"@id\":\"https:\/\/www.qualitel.org\/professionnels\/formation\/energie-environnement\/integrer-fondamentaux-acv-batiment-projet-construction\/#breadcrumb\",\"itemListElement\":[{\"@type\":\"ListItem\",\"position\":1,\"name\":\"Accueil\",\"item\":\"https:\/\/www.qualitel.org\/professionnels\/\"},{\"@type\":\"ListItem\",\"position\":2,\"name\":\"Int\u00e9grer les fondamentaux de l\u2019ACV b\u00e2timent dans un projet de construction (RE2020)\"}]},{\"@type\":\"WebSite\",\"@id\":\"https:\/\/www.qualitel.org\/professionnels\/#website\",\"url\":\"https:\/\/www.qualitel.org\/professionnels\/\",\"name\":\"Qualitel | Professionnels\",\"description\":\"\",\"publisher\":{\"@id\":\"https:\/\/www.qualitel.org\/professionnels\/#organization\"},\"potentialAction\":[{\"@type\":\"SearchAction\",\"target\":{\"@type\":\"EntryPoint\",\"urlTemplate\":\"https:\/\/www.qualitel.org\/professionnels\/?s={search_term_string}\"},\"query-input\":{\"@type\":\"PropertyValueSpecification\",\"valueRequired\":true,\"valueName\":\"search_term_string\"}}],\"inLanguage\":\"fr-FR\"},{\"@type\":\"Organization\",\"@id\":\"https:\/\/www.qualitel.org\/professionnels\/#organization\",\"name\":\"Qualitel\",\"url\":\"https:\/\/www.qualitel.org\/professionnels\/\",\"logo\":{\"@type\":\"ImageObject\",\"inLanguage\":\"fr-FR\",\"@id\":\"https:\/\/www.qualitel.org\/professionnels\/#\/schema\/logo\/image\/\",\"url\":\"https:\/\/www.qualitel.org\/professionnels\/wp\/..\/uploads\/qualitel_social.jpg\",\"contentUrl\":\"https:\/\/www.qualitel.org\/professionnels\/wp\/..\/uploads\/qualitel_social.jpg\",\"width\":1080,\"height\":1080,\"caption\":\"Qualitel\"},\"image\":{\"@id\":\"https:\/\/www.qualitel.org\/professionnels\/#\/schema\/logo\/image\/\"},\"sameAs\":[\"https:\/\/www.facebook.com\/groupequalitel\/\",\"https:\/\/x.com\/groupeQUALITEL\",\"https:\/\/www.instagram.com\/associationqualitel\/\"]}]}<\/script>\n<!-- \/ Yoast SEO plugin. -->","yoast_head_json":{"title":"Int\u00e9grer les fondamentaux de l\u2019ACV b\u00e2timent dans un projet de construction (RE2020) - QUALITEL Formation","description":"Formation 1 jour : Enjeux, Objectifs Analyse de Cycle de Vie (ACV) d\u2019un b\u00e2timent, M\u00e9thodologie ACV, Interpr\u00e9tation des r\u00e9sultats de la m\u00e9thode","robots":{"index":"index","follow":"follow","max-snippet":"max-snippet:-1","max-image-preview":"max-image-preview:large","max-video-preview":"max-video-preview:-1"},"canonical":"https:\/\/www.qualitel.org\/professionnels\/formation\/energie-environnement\/integrer-fondamentaux-acv-batiment-projet-construction\/","og_locale":"fr_FR","og_type":"article","og_title":"Int\u00e9grer les fondamentaux de l\u2019ACV b\u00e2timent dans un projet de construction (RE2020) - QUALITEL Formation","og_description":"Formation 1 jour : Enjeux, Objectifs Analyse de Cycle de Vie (ACV) d\u2019un b\u00e2timent, M\u00e9thodologie ACV, Interpr\u00e9tation des r\u00e9sultats de la m\u00e9thode","og_url":"https:\/\/www.qualitel.org\/professionnels\/formation\/energie-environnement\/integrer-fondamentaux-acv-batiment-projet-construction\/","og_site_name":"Qualitel | Professionnels","article_publisher":"https:\/\/www.facebook.com\/groupequalitel\/","article_modified_time":"2026-04-14T14:23:01+00:00","twitter_card":"summary_large_image","twitter_site":"@groupeQUALITEL","twitter_misc":{"Est. reading time":"2 minutes"},"schema":{"@context":"https:\/\/schema.org","@graph":[{"@type":"WebPage","@id":"https:\/\/www.qualitel.org\/professionnels\/formation\/energie-environnement\/integrer-fondamentaux-acv-batiment-projet-construction\/","url":"https:\/\/www.qualitel.org\/professionnels\/formation\/energie-environnement\/integrer-fondamentaux-acv-batiment-projet-construction\/","name":"Int\u00e9grer les fondamentaux de l\u2019ACV b\u00e2timent dans un projet de construction (RE2020) - QUALITEL Formation","isPartOf":{"@id":"https:\/\/www.qualitel.org\/professionnels\/#website"},"datePublished":"2020-06-09T15:14:08+00:00","dateModified":"2026-04-14T14:23:01+00:00","description":"Formation 1 jour : Enjeux, Objectifs Analyse de Cycle de Vie (ACV) d\u2019un b\u00e2timent, M\u00e9thodologie ACV, Interpr\u00e9tation des r\u00e9sultats de la m\u00e9thode","breadcrumb":{"@id":"https:\/\/www.qualitel.org\/professionnels\/formation\/energie-environnement\/integrer-fondamentaux-acv-batiment-projet-construction\/#breadcrumb"},"inLanguage":"fr-FR","potentialAction":[{"@type":"ReadAction","target":["https:\/\/www.qualitel.org\/professionnels\/formation\/energie-environnement\/integrer-fondamentaux-acv-batiment-projet-construction\/"]}]},{"@type":"BreadcrumbList","@id":"https:\/\/www.qualitel.org\/professionnels\/formation\/energie-environnement\/integrer-fondamentaux-acv-batiment-projet-construction\/#breadcrumb","itemListElement":[{"@type":"ListItem","position":1,"name":"Accueil","item":"https:\/\/www.qualitel.org\/professionnels\/"},{"@type":"ListItem","position":2,"name":"Int\u00e9grer les fondamentaux de l\u2019ACV b\u00e2timent dans un projet de construction (RE2020)"}]},{"@type":"WebSite","@id":"https:\/\/www.qualitel.org\/professionnels\/#website","url":"https:\/\/www.qualitel.org\/professionnels\/","name":"Qualitel | Professionnels","description":"","publisher":{"@id":"https:\/\/www.qualitel.org\/professionnels\/#organization"},"potentialAction":[{"@type":"SearchAction","target":{"@type":"EntryPoint","urlTemplate":"https:\/\/www.qualitel.org\/professionnels\/?s={search_term_string}"},"query-input":{"@type":"PropertyValueSpecification","valueRequired":true,"valueName":"search_term_string"}}],"inLanguage":"fr-FR"},{"@type":"Organization","@id":"https:\/\/www.qualitel.org\/professionnels\/#organization","name":"Qualitel","url":"https:\/\/www.qualitel.org\/professionnels\/","logo":{"@type":"ImageObject","inLanguage":"fr-FR","@id":"https:\/\/www.qualitel.org\/professionnels\/#\/schema\/logo\/image\/","url":"https:\/\/www.qualitel.org\/professionnels\/wp\/..\/uploads\/qualitel_social.jpg","contentUrl":"https:\/\/www.qualitel.org\/professionnels\/wp\/..\/uploads\/qualitel_social.jpg","width":1080,"height":1080,"caption":"Qualitel"},"image":{"@id":"https:\/\/www.qualitel.org\/professionnels\/#\/schema\/logo\/image\/"},"sameAs":["https:\/\/www.facebook.com\/groupequalitel\/","https:\/\/x.com\/groupeQUALITEL","https:\/\/www.instagram.com\/associationqualitel\/"]}]}},"_links":{"self":[{"href":"https:\/\/www.qualitel.org\/professionnels\/wp-json\/wp\/v2\/formations\/32285","targetHints":{"allow":["GET"]}}],"collection":[{"href":"https:\/\/www.qualitel.org\/professionnels\/wp-json\/wp\/v2\/formations"}],"about":[{"href":"https:\/\/www.qualitel.org\/professionnels\/wp-json\/wp\/v2\/types\/formations"}],"version-history":[{"count":116,"href":"https:\/\/www.qualitel.org\/professionnels\/wp-json\/wp\/v2\/formations\/32285\/revisions"}],"predecessor-version":[{"id":130269,"href":"https:\/\/www.qualitel.org\/professionnels\/wp-json\/wp\/v2\/formations\/32285\/revisions\/130269"}],"wp:attachment":[{"href":"https:\/\/www.qualitel.org\/professionnels\/wp-json\/wp\/v2\/media?parent=32285"}],"wp:term":[{"taxonomy":"etiquettes","embeddable":true,"href":"https:\/\/www.qualitel.org\/professionnels\/wp-json\/wp\/v2\/tags?post=32285"},{"taxonomy":"article_type","embeddable":true,"href":"https:\/\/www.qualitel.org\/professionnels\/wp-json\/wp\/v2\/article_type?post=32285"},{"taxonomy":"reference","embeddable":true,"href":"https:\/\/www.qualitel.org\/professionnels\/wp-json\/wp\/v2\/article_type?post=32285"},{"taxonomy":"formation_category","embeddable":true,"href":"https:\/\/www.qualitel.org\/professionnels\/wp-json\/wp\/v2\/article_type?post=32285"},{"taxonomy":"metier_category","embeddable":true,"href":"https:\/\/www.qualitel.org\/professionnels\/wp-json\/wp\/v2\/article_type?post=32285"},{"taxonomy":"format_category","embeddable":true,"href":"https:\/\/www.qualitel.org\/professionnels\/wp-json\/wp\/v2\/article_type?post=32285"},{"taxonomy":"public_category","embeddable":true,"href":"https:\/\/www.qualitel.org\/professionnels\/wp-json\/wp\/v2\/article_type?post=32285"},{"taxonomy":"villes_formations","embeddable":true,"href":"https:\/\/www.qualitel.org\/professionnels\/wp-json\/wp\/v2\/villes?post=32285"}],"curies":[{"name":"wp","href":"https:\/\/api.w.org\/{rel}","templated":true}]}}

Intégrer les fondamentaux de l’ACV bâtiment dans un projet de construction (RE2020)

<!-- This site is optimized with the Yoast SEO plugin v26.3 - https://yoast.com/wordpress/plugins/seo/ -->
<title>Intégrer les fondamentaux de l’ACV bâtiment dans un projet de construction (RE2020) - QUALITEL Formation</title>
<meta name="description" content="Formation 1 jour : Enjeux, Objectifs Analyse de Cycle de Vie (ACV) d’un bâtiment, Méthodologie ACV, Interprétation des résultats de la méthode" />
<meta name="robots" content="index, follow, max-snippet:-1, max-image-preview:large, max-video-preview:-1" />
<link rel="canonical" href="https://www.qualitel.org/professionnels/formation/energie-environnement/integrer-fondamentaux-acv-batiment-projet-construction/" />
<meta property="og:locale" content="fr_FR" />
<meta property="og:type" content="article" />
<meta property="og:title" content="Intégrer les fondamentaux de l’ACV bâtiment dans un projet de construction (RE2020) - QUALITEL Formation" />
<meta property="og:description" content="Formation 1 jour : Enjeux, Objectifs Analyse de Cycle de Vie (ACV) d’un bâtiment, Méthodologie ACV, Interprétation des résultats de la méthode" />
<meta property="og:url" content="https://www.qualitel.org/professionnels/formation/energie-environnement/integrer-fondamentaux-acv-batiment-projet-construction/" />
<meta property="og:site_name" content="Qualitel | Professionnels" />
<meta property="article:publisher" content="https://www.facebook.com/groupequalitel/" />
<meta property="article:modified_time" content="2026-04-14T14:23:01+00:00" />
<meta name="twitter:card" content="summary_large_image" />
<meta name="twitter:site" content="@groupeQUALITEL" />
<meta name="twitter:label1" content="Est. reading time" />
	<meta name="twitter:data1" content="2 minutes" />
<script type="application/ld+json" class="yoast-schema-graph">{"@context":"https://schema.org","@graph":[{"@type":"WebPage","@id":"https://www.qualitel.org/professionnels/formation/energie-environnement/integrer-fondamentaux-acv-batiment-projet-construction/","url":"https://www.qualitel.org/professionnels/formation/energie-environnement/integrer-fondamentaux-acv-batiment-projet-construction/","name":"Intégrer les fondamentaux de l’ACV bâtiment dans un projet de construction (RE2020) - QUALITEL Formation","isPartOf":{"@id":"https://www.qualitel.org/professionnels/#website"},"datePublished":"2020-06-09T15:14:08+00:00","dateModified":"2026-04-14T14:23:01+00:00","description":"Formation 1 jour : Enjeux, Objectifs Analyse de Cycle de Vie (ACV) d’un bâtiment, Méthodologie ACV, Interprétation des résultats de la méthode","breadcrumb":{"@id":"https://www.qualitel.org/professionnels/formation/energie-environnement/integrer-fondamentaux-acv-batiment-projet-construction/#breadcrumb"},"inLanguage":"fr-FR","potentialAction":[{"@type":"ReadAction","target":["https://www.qualitel.org/professionnels/formation/energie-environnement/integrer-fondamentaux-acv-batiment-projet-construction/"]}]},{"@type":"BreadcrumbList","@id":"https://www.qualitel.org/professionnels/formation/energie-environnement/integrer-fondamentaux-acv-batiment-projet-construction/#breadcrumb","itemListElement":[{"@type":"ListItem","position":1,"name":"Accueil","item":"https://www.qualitel.org/professionnels/"},{"@type":"ListItem","position":2,"name":"Intégrer les fondamentaux de l’ACV bâtiment dans un projet de construction (RE2020)"}]},{"@type":"WebSite","@id":"https://www.qualitel.org/professionnels/#website","url":"https://www.qualitel.org/professionnels/","name":"Qualitel | Professionnels","description":"","publisher":{"@id":"https://www.qualitel.org/professionnels/#organization"},"potentialAction":[{"@type":"SearchAction","target":{"@type":"EntryPoint","urlTemplate":"https://www.qualitel.org/professionnels/?s={search_term_string}"},"query-input":{"@type":"PropertyValueSpecification","valueRequired":true,"valueName":"search_term_string"}}],"inLanguage":"fr-FR"},{"@type":"Organization","@id":"https://www.qualitel.org/professionnels/#organization","name":"Qualitel","url":"https://www.qualitel.org/professionnels/","logo":{"@type":"ImageObject","inLanguage":"fr-FR","@id":"https://www.qualitel.org/professionnels/#/schema/logo/image/","url":"https://www.qualitel.org/professionnels/wp/../uploads/qualitel_social.jpg","contentUrl":"https://www.qualitel.org/professionnels/wp/../uploads/qualitel_social.jpg","width":1080,"height":1080,"caption":"Qualitel"},"image":{"@id":"https://www.qualitel.org/professionnels/#/schema/logo/image/"},"sameAs":["https://www.facebook.com/groupequalitel/","https://x.com/groupeQUALITEL","https://www.instagram.com/associationqualitel/"]}]}</script>
<!-- / Yoast SEO plugin. -->

Intégrer les fondamentaux de l’ACV bâtiment dans un projet de construction (RE2020) - QUALITEL Formation

Formation 1 jour : Enjeux, Objectifs Analyse de Cycle de Vie (ACV) d’un bâtiment, Méthodologie ACV, Interprétation des résultats de la méthode
