{"id":17588,"date":"2019-04-23T17:01:32","date_gmt":"2019-04-23T15:01:32","guid":{"rendered":"https:\/\/www.qualitel.org\/professionnels\/?p=17588"},"modified":"2023-08-31T09:51:57","modified_gmt":"2023-08-31T07:51:57","slug":"1-5-fiche-service-attestation-acoustique","status":"publish","type":"labels","link":"https:\/\/www.qualitel.org\/professionnels\/certifications\/attestation-acoustique\/","title":{"rendered":"Attestation acoustique"},"content":{"rendered":"","protected":false},"featured_media":0,"parent":0,"menu_order":0,"template":"","tags":[],"article_type":[397],"class_list":["post-17588","labels","type-labels","status-publish","hentry","logement-logements-collectifs","nature-autres-services-construction"],"acf":[],"yoast_head":"<!-- This site is optimized with the Yoast SEO plugin v26.3 - https:\/\/yoast.com\/wordpress\/plugins\/seo\/ -->\n<title>Attestation acoustique - Qualitel | Professionnels<\/title>\n<meta name=\"description\" content=\"Dans le cadre d\u2019une d\u00e9marche de certification NF Habitat - NF Habitat HQE, CERQUAL Qualitel Certification vous accompagne dans l\u2019\u00e9laboration de vos attestations de prise en compte de la r\u00e9glementation acoustique, document obligatoire pour tous les permis de construire d\u00e9pos\u00e9s depuis le 1er janvier 2013 concernant les logements neufs (collectifs ou individuels).\" \/>\n<meta name=\"robots\" content=\"index, follow, max-snippet:-1, max-image-preview:large, max-video-preview:-1\" \/>\n<link rel=\"canonical\" href=\"https:\/\/www.qualitel.org\/professionnels\/certifications\/attestation-acoustique\/\" \/>\n<meta property=\"og:locale\" content=\"fr_FR\" \/>\n<meta property=\"og:type\" content=\"article\" \/>\n<meta property=\"og:title\" content=\"Attestation acoustique - Qualitel | Professionnels\" \/>\n<meta property=\"og:description\" content=\"Dans le cadre d\u2019une d\u00e9marche de certification NF Habitat &#8211; NF Habitat HQE, CERQUAL Qualitel Certification vous accompagne dans l\u2019\u00e9laboration de vos attestations de prise en compte de la r\u00e9glementation acoustique, document obligatoire pour tous les permis de construire d\u00e9pos\u00e9s depuis le 1er janvier 2013 concernant les logements neufs (collectifs ou individuels).\" \/>\n<meta property=\"og:url\" content=\"https:\/\/www.qualitel.org\/professionnels\/certifications\/attestation-acoustique\/\" \/>\n<meta property=\"og:site_name\" content=\"Qualitel | Professionnels\" \/>\n<meta property=\"article:publisher\" content=\"https:\/\/www.facebook.com\/groupequalitel\/\" \/>\n<meta property=\"article:modified_time\" content=\"2023-08-31T07:51:57+00:00\" \/>\n<meta name=\"twitter:card\" content=\"summary_large_image\" \/>\n<meta name=\"twitter:description\" content=\"Dans le cadre d\u2019une d\u00e9marche de certification NF Habitat &#8211; NF Habitat HQE, CERQUAL Qualitel Certification vous accompagne dans l\u2019\u00e9laboration de vos attestations de prise en compte de la r\u00e9glementation acoustique, document obligatoire pour tous les permis de construire d\u00e9pos\u00e9s depuis le 1er janvier 2013 concernant les logements neufs (collectifs ou individuels).\n\" \/>\n<meta name=\"twitter:site\" content=\"@groupeQUALITEL\" \/>\n<script type=\"application\/ld+json\" class=\"yoast-schema-graph\">{\"@context\":\"https:\/\/schema.org\",\"@graph\":[{\"@type\":\"WebPage\",\"@id\":\"https:\/\/www.qualitel.org\/professionnels\/certifications\/attestation-acoustique\/\",\"url\":\"https:\/\/www.qualitel.org\/professionnels\/certifications\/attestation-acoustique\/\",\"name\":\"Attestation acoustique - Qualitel | Professionnels\",\"isPartOf\":{\"@id\":\"https:\/\/www.qualitel.org\/professionnels\/#website\"},\"datePublished\":\"2019-04-23T15:01:32+00:00\",\"dateModified\":\"2023-08-31T07:51:57+00:00\",\"description\":\"Dans le cadre d\u2019une d\u00e9marche de certification NF Habitat - NF Habitat HQE, CERQUAL Qualitel Certification vous accompagne dans l\u2019\u00e9laboration de vos attestations de prise en compte de la r\u00e9glementation acoustique, document obligatoire pour tous les permis de construire d\u00e9pos\u00e9s depuis le 1er janvier 2013 concernant les logements neufs (collectifs ou individuels).\",\"breadcrumb\":{\"@id\":\"https:\/\/www.qualitel.org\/professionnels\/certifications\/attestation-acoustique\/#breadcrumb\"},\"inLanguage\":\"fr-FR\",\"potentialAction\":[{\"@type\":\"ReadAction\",\"target\":[\"https:\/\/www.qualitel.org\/professionnels\/certifications\/attestation-acoustique\/\"]}]},{\"@type\":\"BreadcrumbList\",\"@id\":\"https:\/\/www.qualitel.org\/professionnels\/certifications\/attestation-acoustique\/#breadcrumb\",\"itemListElement\":[{\"@type\":\"ListItem\",\"position\":1,\"name\":\"Accueil\",\"item\":\"https:\/\/www.qualitel.org\/professionnels\/\"},{\"@type\":\"ListItem\",\"position\":2,\"name\":\"Attestation acoustique\"}]},{\"@type\":\"WebSite\",\"@id\":\"https:\/\/www.qualitel.org\/professionnels\/#website\",\"url\":\"https:\/\/www.qualitel.org\/professionnels\/\",\"name\":\"Qualitel | Professionnels\",\"description\":\"\",\"publisher\":{\"@id\":\"https:\/\/www.qualitel.org\/professionnels\/#organization\"},\"potentialAction\":[{\"@type\":\"SearchAction\",\"target\":{\"@type\":\"EntryPoint\",\"urlTemplate\":\"https:\/\/www.qualitel.org\/professionnels\/?s={search_term_string}\"},\"query-input\":{\"@type\":\"PropertyValueSpecification\",\"valueRequired\":true,\"valueName\":\"search_term_string\"}}],\"inLanguage\":\"fr-FR\"},{\"@type\":\"Organization\",\"@id\":\"https:\/\/www.qualitel.org\/professionnels\/#organization\",\"name\":\"Qualitel\",\"url\":\"https:\/\/www.qualitel.org\/professionnels\/\",\"logo\":{\"@type\":\"ImageObject\",\"inLanguage\":\"fr-FR\",\"@id\":\"https:\/\/www.qualitel.org\/professionnels\/#\/schema\/logo\/image\/\",\"url\":\"https:\/\/www.qualitel.org\/professionnels\/wp\/..\/uploads\/qualitel_social.jpg\",\"contentUrl\":\"https:\/\/www.qualitel.org\/professionnels\/wp\/..\/uploads\/qualitel_social.jpg\",\"width\":1080,\"height\":1080,\"caption\":\"Qualitel\"},\"image\":{\"@id\":\"https:\/\/www.qualitel.org\/professionnels\/#\/schema\/logo\/image\/\"},\"sameAs\":[\"https:\/\/www.facebook.com\/groupequalitel\/\",\"https:\/\/x.com\/groupeQUALITEL\",\"https:\/\/www.instagram.com\/associationqualitel\/\"]}]}<\/script>\n<!-- \/ Yoast SEO plugin. -->","yoast_head_json":{"title":"Attestation acoustique - Qualitel | Professionnels","description":"Dans le cadre d\u2019une d\u00e9marche de certification NF Habitat - NF Habitat HQE, CERQUAL Qualitel Certification vous accompagne dans l\u2019\u00e9laboration de vos attestations de prise en compte de la r\u00e9glementation acoustique, document obligatoire pour tous les permis de construire d\u00e9pos\u00e9s depuis le 1er janvier 2013 concernant les logements neufs (collectifs ou individuels).","robots":{"index":"index","follow":"follow","max-snippet":"max-snippet:-1","max-image-preview":"max-image-preview:large","max-video-preview":"max-video-preview:-1"},"canonical":"https:\/\/www.qualitel.org\/professionnels\/certifications\/attestation-acoustique\/","og_locale":"fr_FR","og_type":"article","og_title":"Attestation acoustique - Qualitel | Professionnels","og_description":"Dans le cadre d\u2019une d\u00e9marche de certification NF Habitat &#8211; NF Habitat HQE, CERQUAL Qualitel Certification vous accompagne dans l\u2019\u00e9laboration de vos attestations de prise en compte de la r\u00e9glementation acoustique, document obligatoire pour tous les permis de construire d\u00e9pos\u00e9s depuis le 1er janvier 2013 concernant les logements neufs (collectifs ou individuels).","og_url":"https:\/\/www.qualitel.org\/professionnels\/certifications\/attestation-acoustique\/","og_site_name":"Qualitel | Professionnels","article_publisher":"https:\/\/www.facebook.com\/groupequalitel\/","article_modified_time":"2023-08-31T07:51:57+00:00","twitter_card":"summary_large_image","twitter_description":"Dans le cadre d\u2019une d\u00e9marche de certification NF Habitat &#8211; NF Habitat HQE, CERQUAL Qualitel Certification vous accompagne dans l\u2019\u00e9laboration de vos attestations de prise en compte de la r\u00e9glementation acoustique, document obligatoire pour tous les permis de construire d\u00e9pos\u00e9s depuis le 1er janvier 2013 concernant les logements neufs (collectifs ou individuels).\n","twitter_site":"@groupeQUALITEL","schema":{"@context":"https:\/\/schema.org","@graph":[{"@type":"WebPage","@id":"https:\/\/www.qualitel.org\/professionnels\/certifications\/attestation-acoustique\/","url":"https:\/\/www.qualitel.org\/professionnels\/certifications\/attestation-acoustique\/","name":"Attestation acoustique - Qualitel | Professionnels","isPartOf":{"@id":"https:\/\/www.qualitel.org\/professionnels\/#website"},"datePublished":"2019-04-23T15:01:32+00:00","dateModified":"2023-08-31T07:51:57+00:00","description":"Dans le cadre d\u2019une d\u00e9marche de certification NF Habitat - NF Habitat HQE, CERQUAL Qualitel Certification vous accompagne dans l\u2019\u00e9laboration de vos attestations de prise en compte de la r\u00e9glementation acoustique, document obligatoire pour tous les permis de construire d\u00e9pos\u00e9s depuis le 1er janvier 2013 concernant les logements neufs (collectifs ou individuels).","breadcrumb":{"@id":"https:\/\/www.qualitel.org\/professionnels\/certifications\/attestation-acoustique\/#breadcrumb"},"inLanguage":"fr-FR","potentialAction":[{"@type":"ReadAction","target":["https:\/\/www.qualitel.org\/professionnels\/certifications\/attestation-acoustique\/"]}]},{"@type":"BreadcrumbList","@id":"https:\/\/www.qualitel.org\/professionnels\/certifications\/attestation-acoustique\/#breadcrumb","itemListElement":[{"@type":"ListItem","position":1,"name":"Accueil","item":"https:\/\/www.qualitel.org\/professionnels\/"},{"@type":"ListItem","position":2,"name":"Attestation acoustique"}]},{"@type":"WebSite","@id":"https:\/\/www.qualitel.org\/professionnels\/#website","url":"https:\/\/www.qualitel.org\/professionnels\/","name":"Qualitel | Professionnels","description":"","publisher":{"@id":"https:\/\/www.qualitel.org\/professionnels\/#organization"},"potentialAction":[{"@type":"SearchAction","target":{"@type":"EntryPoint","urlTemplate":"https:\/\/www.qualitel.org\/professionnels\/?s={search_term_string}"},"query-input":{"@type":"PropertyValueSpecification","valueRequired":true,"valueName":"search_term_string"}}],"inLanguage":"fr-FR"},{"@type":"Organization","@id":"https:\/\/www.qualitel.org\/professionnels\/#organization","name":"Qualitel","url":"https:\/\/www.qualitel.org\/professionnels\/","logo":{"@type":"ImageObject","inLanguage":"fr-FR","@id":"https:\/\/www.qualitel.org\/professionnels\/#\/schema\/logo\/image\/","url":"https:\/\/www.qualitel.org\/professionnels\/wp\/..\/uploads\/qualitel_social.jpg","contentUrl":"https:\/\/www.qualitel.org\/professionnels\/wp\/..\/uploads\/qualitel_social.jpg","width":1080,"height":1080,"caption":"Qualitel"},"image":{"@id":"https:\/\/www.qualitel.org\/professionnels\/#\/schema\/logo\/image\/"},"sameAs":["https:\/\/www.facebook.com\/groupequalitel\/","https:\/\/x.com\/groupeQUALITEL","https:\/\/www.instagram.com\/associationqualitel\/"]}]}},"_links":{"self":[{"href":"https:\/\/www.qualitel.org\/professionnels\/wp-json\/wp\/v2\/labels\/17588","targetHints":{"allow":["GET"]}}],"collection":[{"href":"https:\/\/www.qualitel.org\/professionnels\/wp-json\/wp\/v2\/labels"}],"about":[{"href":"https:\/\/www.qualitel.org\/professionnels\/wp-json\/wp\/v2\/types\/labels"}],"version-history":[{"count":50,"href":"https:\/\/www.qualitel.org\/professionnels\/wp-json\/wp\/v2\/labels\/17588\/revisions"}],"predecessor-version":[{"id":67878,"href":"https:\/\/www.qualitel.org\/professionnels\/wp-json\/wp\/v2\/labels\/17588\/revisions\/67878"}],"wp:attachment":[{"href":"https:\/\/www.qualitel.org\/professionnels\/wp-json\/wp\/v2\/media?parent=17588"}],"wp:term":[{"taxonomy":"etiquettes","embeddable":true,"href":"https:\/\/www.qualitel.org\/professionnels\/wp-json\/wp\/v2\/tags?post=17588"},{"taxonomy":"article_type","embeddable":true,"href":"https:\/\/www.qualitel.org\/professionnels\/wp-json\/wp\/v2\/article_type?post=17588"},{"taxonomy":"logement","embeddable":true,"href":"https:\/\/www.qualitel.org\/professionnels\/wp-json\/wp\/v2\/article_type?post=17588"},{"taxonomy":"nature","embeddable":true,"href":"https:\/\/www.qualitel.org\/professionnels\/wp-json\/wp\/v2\/article_type?post=17588"}],"curies":[{"name":"wp","href":"https:\/\/api.w.org\/{rel}","templated":true}]}}

<!-- This site is optimized with the Yoast SEO plugin v26.3 - https://yoast.com/wordpress/plugins/seo/ -->
<title>Attestation acoustique - Qualitel | Professionnels</title>
<meta name="description" content="Dans le cadre d’une démarche de certification NF Habitat - NF Habitat HQE, CERQUAL Qualitel Certification vous accompagne dans l’élaboration de vos attestations de prise en compte de la réglementation acoustique, document obligatoire pour tous les permis de construire déposés depuis le 1er janvier 2013 concernant les logements neufs (collectifs ou individuels)." />
<meta name="robots" content="index, follow, max-snippet:-1, max-image-preview:large, max-video-preview:-1" />
<link rel="canonical" href="https://www.qualitel.org/professionnels/certifications/attestation-acoustique/" />
<meta property="og:locale" content="fr_FR" />
<meta property="og:type" content="article" />
<meta property="og:title" content="Attestation acoustique - Qualitel | Professionnels" />
<meta property="og:description" content="Dans le cadre d’une démarche de certification NF Habitat &#8211; NF Habitat HQE, CERQUAL Qualitel Certification vous accompagne dans l’élaboration de vos attestations de prise en compte de la réglementation acoustique, document obligatoire pour tous les permis de construire déposés depuis le 1er janvier 2013 concernant les logements neufs (collectifs ou individuels)." />
<meta property="og:url" content="https://www.qualitel.org/professionnels/certifications/attestation-acoustique/" />
<meta property="og:site_name" content="Qualitel | Professionnels" />
<meta property="article:publisher" content="https://www.facebook.com/groupequalitel/" />
<meta property="article:modified_time" content="2023-08-31T07:51:57+00:00" />
<meta name="twitter:card" content="summary_large_image" />
<meta name="twitter:description" content="Dans le cadre d’une démarche de certification NF Habitat &#8211; NF Habitat HQE, CERQUAL Qualitel Certification vous accompagne dans l’élaboration de vos attestations de prise en compte de la réglementation acoustique, document obligatoire pour tous les permis de construire déposés depuis le 1er janvier 2013 concernant les logements neufs (collectifs ou individuels).
" />
<meta name="twitter:site" content="@groupeQUALITEL" />
<script type="application/ld+json" class="yoast-schema-graph">{"@context":"https://schema.org","@graph":[{"@type":"WebPage","@id":"https://www.qualitel.org/professionnels/certifications/attestation-acoustique/","url":"https://www.qualitel.org/professionnels/certifications/attestation-acoustique/","name":"Attestation acoustique - Qualitel | Professionnels","isPartOf":{"@id":"https://www.qualitel.org/professionnels/#website"},"datePublished":"2019-04-23T15:01:32+00:00","dateModified":"2023-08-31T07:51:57+00:00","description":"Dans le cadre d’une démarche de certification NF Habitat - NF Habitat HQE, CERQUAL Qualitel Certification vous accompagne dans l’élaboration de vos attestations de prise en compte de la réglementation acoustique, document obligatoire pour tous les permis de construire déposés depuis le 1er janvier 2013 concernant les logements neufs (collectifs ou individuels).","breadcrumb":{"@id":"https://www.qualitel.org/professionnels/certifications/attestation-acoustique/#breadcrumb"},"inLanguage":"fr-FR","potentialAction":[{"@type":"ReadAction","target":["https://www.qualitel.org/professionnels/certifications/attestation-acoustique/"]}]},{"@type":"BreadcrumbList","@id":"https://www.qualitel.org/professionnels/certifications/attestation-acoustique/#breadcrumb","itemListElement":[{"@type":"ListItem","position":1,"name":"Accueil","item":"https://www.qualitel.org/professionnels/"},{"@type":"ListItem","position":2,"name":"Attestation acoustique"}]},{"@type":"WebSite","@id":"https://www.qualitel.org/professionnels/#website","url":"https://www.qualitel.org/professionnels/","name":"Qualitel | Professionnels","description":"","publisher":{"@id":"https://www.qualitel.org/professionnels/#organization"},"potentialAction":[{"@type":"SearchAction","target":{"@type":"EntryPoint","urlTemplate":"https://www.qualitel.org/professionnels/?s={search_term_string}"},"query-input":{"@type":"PropertyValueSpecification","valueRequired":true,"valueName":"search_term_string"}}],"inLanguage":"fr-FR"},{"@type":"Organization","@id":"https://www.qualitel.org/professionnels/#organization","name":"Qualitel","url":"https://www.qualitel.org/professionnels/","logo":{"@type":"ImageObject","inLanguage":"fr-FR","@id":"https://www.qualitel.org/professionnels/#/schema/logo/image/","url":"https://www.qualitel.org/professionnels/wp/../uploads/qualitel_social.jpg","contentUrl":"https://www.qualitel.org/professionnels/wp/../uploads/qualitel_social.jpg","width":1080,"height":1080,"caption":"Qualitel"},"image":{"@id":"https://www.qualitel.org/professionnels/#/schema/logo/image/"},"sameAs":["https://www.facebook.com/groupequalitel/","https://x.com/groupeQUALITEL","https://www.instagram.com/associationqualitel/"]}]}</script>
<!-- / Yoast SEO plugin. -->

Dans le cadre d’une démarche de certification NF Habitat - NF Habitat HQE, CERQUAL Qualitel Certification vous accompagne dans l’élaboration de vos attestations de prise en compte de la réglementation acoustique, document obligatoire pour tous les permis de construire déposés depuis le 1er janvier 2013 concernant les logements neufs (collectifs ou individuels).

Dans le cadre d’une démarche de certification NF Habitat &#8211; NF Habitat HQE, CERQUAL Qualitel Certification vous accompagne dans l’élaboration de vos attestations de prise en compte de la réglementation acoustique, document obligatoire pour tous les permis de construire déposés depuis le 1er janvier 2013 concernant les logements neufs (collectifs ou individuels).
